CRAN Package Check Results for Package LassoNet

Last updated on 2024-06-13 07:50:34 CEST.

Flavor Version Tinstall Tcheck Ttotal Status Flags
r-devel-linux-x86_64-debian-clang 0.8.3 22.35 33.01 55.36 OK
r-devel-linux-x86_64-debian-gcc 0.8.3 13.22 26.32 39.54 OK
r-devel-linux-x86_64-fedora-clang 0.8.3 77.15 NOTE
r-devel-linux-x86_64-fedora-gcc 0.8.3 72.91 NOTE
r-devel-windows-x86_64 0.8.3 17.00 68.00 85.00 OK
r-patched-linux-x86_64 0.8.3 17.49 33.33 50.82 OK
r-release-linux-x86_64 0.8.3 17.81 32.68 50.49 OK
r-release-macos-arm64 0.8.3 24.00 OK
r-release-macos-x86_64 0.8.3 32.00 OK
r-release-windows-x86_64 0.8.3 17.00 68.00 85.00 OK
r-oldrel-macos-arm64 0.8.3 27.00 OK
r-oldrel-macos-x86_64 0.8.3 39.00 OK
r-oldrel-windows-x86_64 0.8.3 17.00 75.00 92.00 OK

Check Details

Version: 0.8.3
Check: Rd cross-references
Result: NOTE Undeclared package ‘glmnet’ in Rd xrefs Flavor: r-devel-linux-x86_64-fedora-clang

Version: 0.8.3
Check: compiled code
Result: NOTE File ‘LassoNet/libs/LassoNet.so’: Found no calls to: ‘R_registerRoutines’, ‘R_useDynamicSymbols’ It is good practice to register native routines and to disable symbol search. See ‘Writing portable packages’ in the ‘Writing R Extensions’ manual. Flavors: r-devel-linux-x86_64-fedora-clang, r-devel-linux-x86_64-fedora-gcc