CRAN Package Check Results for Package LassoGEE

Last updated on 2021-12-04 10:52:35 CET.

Flavor Version Tinstall Tcheck Ttotal Status Flags
r-devel-linux-x86_64-debian-clang 1.0 41.79 124.75 166.54 NOTE
r-devel-linux-x86_64-debian-gcc 1.0 31.72 95.45 127.17 NOTE
r-devel-linux-x86_64-fedora-clang 1.0 213.29 NOTE
r-devel-linux-x86_64-fedora-gcc 1.0 206.87 NOTE
r-devel-windows-x86_64-new-UL 1.0 60.00 179.00 239.00 NOTE
r-devel-windows-x86_64-new-TK 1.0 NOTE
r-devel-windows-x86_64-old 1.0 60.00 120.00 180.00 NOTE
r-patched-linux-x86_64 1.0 36.56 109.27 145.83 NOTE
r-release-linux-x86_64 1.0 38.06 110.45 148.51 NOTE
r-release-macos-arm64 1.0 NOTE
r-release-macos-x86_64 1.0 NOTE
r-release-windows-ix86+x86_64 1.0 106.00 202.00 308.00 NOTE
r-oldrel-macos-x86_64 1.0 OK
r-oldrel-windows-ix86+x86_64 1.0 107.00 207.00 314.00 OK

Check Details

Version: 1.0
Check: LazyData
Result: NOTE
     'LazyData' is specified without a 'data' directory
Flavors: r-devel-linux-x86_64-debian-clang, r-devel-linux-x86_64-debian-gcc, r-devel-linux-x86_64-fedora-clang, r-devel-linux-x86_64-fedora-gcc, r-devel-windows-x86_64-new-UL, r-devel-windows-x86_64-new-TK, r-devel-windows-x86_64-old, r-patched-linux-x86_64, r-release-linux-x86_64, r-release-macos-arm64, r-release-macos-x86_64, r-release-windows-ix86+x86_64