CRAN Package Check Results for Package LaF

Last updated on 2019-06-24 17:47:57 CEST.

Flavor Version Tinstall Tcheck Ttotal Status Flags
r-devel-linux-x86_64-debian-clang 0.8.0 81.14 37.30 118.44 NOTE
r-devel-linux-x86_64-debian-gcc 0.8.0 62.01 30.46 92.47 NOTE
r-devel-linux-x86_64-fedora-clang 0.8.0 190.65 NOTE
r-devel-linux-x86_64-fedora-gcc 0.8.0 157.45 NOTE
r-devel-windows-ix86+x86_64 0.8.0 231.00 104.00 335.00 OK
r-patched-linux-x86_64 0.8.0 74.08 37.49 111.57 OK
r-patched-solaris-x86 0.8.0 181.60 OK
r-release-linux-x86_64 0.8.0 73.19 37.76 110.95 OK
r-release-windows-ix86+x86_64 0.8.0 226.00 102.00 328.00 OK
r-release-osx-x86_64 0.8.0 OK
r-oldrel-windows-ix86+x86_64 0.8.0 160.00 76.00 236.00 OK
r-oldrel-osx-x86_64 0.8.0 OK

Check Details

Version: 0.8.0
Check: for non-standard things in the check directory
Result: NOTE
    Found the following files/directories:
     'tmp.bla' 'tmp.csv' 'tmp.dat' 'tmp.yaml' 'tmp2.csv'
Flavors: r-devel-linux-x86_64-debian-clang, r-devel-linux-x86_64-debian-gcc, r-devel-linux-x86_64-fedora-clang, r-devel-linux-x86_64-fedora-gcc