CRAN Package Check Results for Package LZeroSpikeInference

Last updated on 2024-05-23 20:52:36 CEST.

Flavor Version Tinstall Tcheck Ttotal Status Flags
r-devel-linux-x86_64-debian-clang 1.0.3 2.14 29.92 32.06 NOTE
r-devel-linux-x86_64-debian-gcc 1.0.3 2.02 22.21 24.23 NOTE
r-devel-linux-x86_64-fedora-clang 1.0.3 39.78 NOTE
r-devel-linux-x86_64-fedora-gcc 1.0.3 37.45 NOTE
r-devel-windows-x86_64 1.0.3 3.00 44.00 47.00 NOTE
r-patched-linux-x86_64 1.0.3 2.13 27.95 30.08 NOTE
r-release-linux-x86_64 1.0.3 2.76 28.47 31.23 NOTE
r-release-macos-arm64 1.0.3 16.00 NOTE
r-release-windows-x86_64 1.0.3 3.00 45.00 48.00 NOTE
r-oldrel-macos-arm64 1.0.3 17.00 NOTE
r-oldrel-macos-x86_64 1.0.3 24.00 NOTE
r-oldrel-windows-x86_64 1.0.3 3.00 47.00 50.00 NOTE

Check Details

Version: 1.0.3
Check: Rd files
Result: NOTE checkRd: (-1) LZeroSpikeInference.Rd:20: Lost braces; missing escapes or markup? 20 | minimize_{c1,...,cT} 0.5 sum_{t=1}^T ( y_t - c_t )^2 + lambda sum_{t=2}^T 1_{c_t neq gamma c_{t-1} } | ^ checkRd: (-1) LZeroSpikeInference.Rd:20: Lost braces; missing escapes or markup? 20 | minimize_{c1,...,cT} 0.5 sum_{t=1}^T ( y_t - c_t )^2 + lambda sum_{t=2}^T 1_{c_t neq gamma c_{t-1} } | ^ checkRd: (-1) LZeroSpikeInference.Rd:20: Lost braces; missing escapes or markup? 20 | minimize_{c1,...,cT} 0.5 sum_{t=1}^T ( y_t - c_t )^2 + lambda sum_{t=2}^T 1_{c_t neq gamma c_{t-1} } | ^ checkRd: (-1) LZeroSpikeInference.Rd:20: Lost braces 20 | minimize_{c1,...,cT} 0.5 sum_{t=1}^T ( y_t - c_t )^2 + lambda sum_{t=2}^T 1_{c_t neq gamma c_{t-1} } | ^ checkRd: (-1) LZeroSpikeInference.Rd:20: Lost braces; missing escapes or markup? 20 | minimize_{c1,...,cT} 0.5 sum_{t=1}^T ( y_t - c_t )^2 + lambda sum_{t=2}^T 1_{c_t neq gamma c_{t-1} } | ^ checkRd: (-1) LZeroSpikeInference.Rd:28: Lost braces; missing escapes or markup? 28 | minimize_{c1,...,cT,b1,...,bT} 0.5 sum_{t=1}^T (y_t - c_t - b_t)^2 + lambda sum_{t=2}^T 1_{c_t neq gamma c_{t-1}, b_t neq b_{t-1} } | ^ checkRd: (-1) LZeroSpikeInference.Rd:28: Lost braces; missing escapes or markup? 28 | minimize_{c1,...,cT,b1,...,bT} 0.5 sum_{t=1}^T (y_t - c_t - b_t)^2 + lambda sum_{t=2}^T 1_{c_t neq gamma c_{t-1}, b_t neq b_{t-1} } | ^ checkRd: (-1) LZeroSpikeInference.Rd:28: Lost braces; missing escapes or markup? 28 | minimize_{c1,...,cT,b1,...,bT} 0.5 sum_{t=1}^T (y_t - c_t - b_t)^2 + lambda sum_{t=2}^T 1_{c_t neq gamma c_{t-1}, b_t neq b_{t-1} } | ^ checkRd: (-1) LZeroSpikeInference.Rd:28: Lost braces 28 | minimize_{c1,...,cT,b1,...,bT} 0.5 sum_{t=1}^T (y_t - c_t - b_t)^2 + lambda sum_{t=2}^T 1_{c_t neq gamma c_{t-1}, b_t neq b_{t-1} } | ^ checkRd: (-1) LZeroSpikeInference.Rd:28: Lost braces; missing escapes or markup? 28 | minimize_{c1,...,cT,b1,...,bT} 0.5 sum_{t=1}^T (y_t - c_t - b_t)^2 + lambda sum_{t=2}^T 1_{c_t neq gamma c_{t-1}, b_t neq b_{t-1} } | ^ checkRd: (-1) LZeroSpikeInference.Rd:28: Lost braces; missing escapes or markup? 28 | minimize_{c1,...,cT,b1,...,bT} 0.5 sum_{t=1}^T (y_t - c_t - b_t)^2 + lambda sum_{t=2}^T 1_{c_t neq gamma c_{t-1}, b_t neq b_{t-1} } | ^ checkRd: (-1) LZeroSpikeInference.Rd:29: Lost braces; missing escapes or markup? 29 | where the indicator variable 1_{(A,B)} equals 1 if the event A cup B holds, and equals zero otherwise. | ^ checkRd: (-1) cv.estimateSpikes.Rd:50: Lost braces; missing escapes or markup? 50 | minimize_{c1,...,cT} 0.5 sum_{t=1}^T ( y_t - c_t )^2 + lambda sum_{t=2}^T 1_{c_t neq gamma c_{t-1} } | ^ checkRd: (-1) cv.estimateSpikes.Rd:50: Lost braces; missing escapes or markup? 50 | minimize_{c1,...,cT} 0.5 sum_{t=1}^T ( y_t - c_t )^2 + lambda sum_{t=2}^T 1_{c_t neq gamma c_{t-1} } | ^ checkRd: (-1) cv.estimateSpikes.Rd:50: Lost braces; missing escapes or markup? 50 | minimize_{c1,...,cT} 0.5 sum_{t=1}^T ( y_t - c_t )^2 + lambda sum_{t=2}^T 1_{c_t neq gamma c_{t-1} } | ^ checkRd: (-1) cv.estimateSpikes.Rd:50: Lost braces 50 | minimize_{c1,...,cT} 0.5 sum_{t=1}^T ( y_t - c_t )^2 + lambda sum_{t=2}^T 1_{c_t neq gamma c_{t-1} } | ^ checkRd: (-1) cv.estimateSpikes.Rd:50: Lost braces; missing escapes or markup? 50 | minimize_{c1,...,cT} 0.5 sum_{t=1}^T ( y_t - c_t )^2 + lambda sum_{t=2}^T 1_{c_t neq gamma c_{t-1} } | ^ checkRd: (-1) cv.estimateSpikes.Rd:59: Lost braces; missing escapes or markup? 59 | minimize_{c1,...,cT,b1,...,bT} 0.5 sum_{t=1}^T (y_t - c_t - b_t)^2 + lambda sum_{t=2}^T 1_{c_t neq gamma c_{t-1}, b_t neq b_{t-1} } | ^ checkRd: (-1) cv.estimateSpikes.Rd:59: Lost braces; missing escapes or markup? 59 | minimize_{c1,...,cT,b1,...,bT} 0.5 sum_{t=1}^T (y_t - c_t - b_t)^2 + lambda sum_{t=2}^T 1_{c_t neq gamma c_{t-1}, b_t neq b_{t-1} } | ^ checkRd: (-1) cv.estimateSpikes.Rd:59: Lost braces; missing escapes or markup? 59 | minimize_{c1,...,cT,b1,...,bT} 0.5 sum_{t=1}^T (y_t - c_t - b_t)^2 + lambda sum_{t=2}^T 1_{c_t neq gamma c_{t-1}, b_t neq b_{t-1} } | ^ checkRd: (-1) cv.estimateSpikes.Rd:59: Lost braces 59 | minimize_{c1,...,cT,b1,...,bT} 0.5 sum_{t=1}^T (y_t - c_t - b_t)^2 + lambda sum_{t=2}^T 1_{c_t neq gamma c_{t-1}, b_t neq b_{t-1} } | ^ checkRd: (-1) cv.estimateSpikes.Rd:59: Lost braces; missing escapes or markup? 59 | minimize_{c1,...,cT,b1,...,bT} 0.5 sum_{t=1}^T (y_t - c_t - b_t)^2 + lambda sum_{t=2}^T 1_{c_t neq gamma c_{t-1}, b_t neq b_{t-1} } | ^ checkRd: (-1) cv.estimateSpikes.Rd:59: Lost braces; missing escapes or markup? 59 | minimize_{c1,...,cT,b1,...,bT} 0.5 sum_{t=1}^T (y_t - c_t - b_t)^2 + lambda sum_{t=2}^T 1_{c_t neq gamma c_{t-1}, b_t neq b_{t-1} } | ^ checkRd: (-1) cv.estimateSpikes.Rd:60: Lost braces; missing escapes or markup? 60 | where the indicator variable 1_{(A,B)} equals 1 if the event A cup B holds, and equals zero otherwise. | ^ checkRd: (-1) estimateSpikes.Rd:41: Lost braces; missing escapes or markup? 41 | minimize_{c1,...,cT} 0.5 sum_{t=1}^T ( y_t - c_t )^2 + lambda sum_{t=2}^T 1_{c_t neq gamma c_{t-1} } | ^ checkRd: (-1) estimateSpikes.Rd:41: Lost braces; missing escapes or markup? 41 | minimize_{c1,...,cT} 0.5 sum_{t=1}^T ( y_t - c_t )^2 + lambda sum_{t=2}^T 1_{c_t neq gamma c_{t-1} } | ^ checkRd: (-1) estimateSpikes.Rd:41: Lost braces; missing escapes or markup? 41 | minimize_{c1,...,cT} 0.5 sum_{t=1}^T ( y_t - c_t )^2 + lambda sum_{t=2}^T 1_{c_t neq gamma c_{t-1} } | ^ checkRd: (-1) estimateSpikes.Rd:41: Lost braces 41 | minimize_{c1,...,cT} 0.5 sum_{t=1}^T ( y_t - c_t )^2 + lambda sum_{t=2}^T 1_{c_t neq gamma c_{t-1} } | ^ checkRd: (-1) estimateSpikes.Rd:41: Lost braces; missing escapes or markup? 41 | minimize_{c1,...,cT} 0.5 sum_{t=1}^T ( y_t - c_t )^2 + lambda sum_{t=2}^T 1_{c_t neq gamma c_{t-1} } | ^ checkRd: (-1) estimateSpikes.Rd:49: Lost braces; missing escapes or markup? 49 | minimize_{c1,...,cT,b1,...,bT} 0.5 sum_{t=1}^T (y_t - c_t - b_t)^2 + lambda sum_{t=2}^T 1_{c_t neq gamma c_{t-1}, b_t neq b_{t-1} } | ^ checkRd: (-1) estimateSpikes.Rd:49: Lost braces; missing escapes or markup? 49 | minimize_{c1,...,cT,b1,...,bT} 0.5 sum_{t=1}^T (y_t - c_t - b_t)^2 + lambda sum_{t=2}^T 1_{c_t neq gamma c_{t-1}, b_t neq b_{t-1} } | ^ checkRd: (-1) estimateSpikes.Rd:49: Lost braces; missing escapes or markup? 49 | minimize_{c1,...,cT,b1,...,bT} 0.5 sum_{t=1}^T (y_t - c_t - b_t)^2 + lambda sum_{t=2}^T 1_{c_t neq gamma c_{t-1}, b_t neq b_{t-1} } | ^ checkRd: (-1) estimateSpikes.Rd:49: Lost braces 49 | minimize_{c1,...,cT,b1,...,bT} 0.5 sum_{t=1}^T (y_t - c_t - b_t)^2 + lambda sum_{t=2}^T 1_{c_t neq gamma c_{t-1}, b_t neq b_{t-1} } | ^ checkRd: (-1) estimateSpikes.Rd:49: Lost braces; missing escapes or markup? 49 | minimize_{c1,...,cT,b1,...,bT} 0.5 sum_{t=1}^T (y_t - c_t - b_t)^2 + lambda sum_{t=2}^T 1_{c_t neq gamma c_{t-1}, b_t neq b_{t-1} } | ^ checkRd: (-1) estimateSpikes.Rd:49: Lost braces; missing escapes or markup? 49 | minimize_{c1,...,cT,b1,...,bT} 0.5 sum_{t=1}^T (y_t - c_t - b_t)^2 + lambda sum_{t=2}^T 1_{c_t neq gamma c_{t-1}, b_t neq b_{t-1} } | ^ checkRd: (-1) estimateSpikes.Rd:50: Lost braces; missing escapes or markup? 50 | where the indicator variable 1_{(A,B)} equals 1 if the event A cup B holds, and equals zero otherwise. | ^ checkRd: (-1) simulateAR1.Rd:31: Lost braces; missing escapes or markup? 31 | c_t = gam * c_{t-1} + s_t | ^ Flavors: r-devel-linux-x86_64-debian-clang, r-devel-linux-x86_64-debian-gcc, r-devel-linux-x86_64-fedora-clang, r-devel-linux-x86_64-fedora-gcc, r-devel-windows-x86_64, r-patched-linux-x86_64, r-release-linux-x86_64, r-release-macos-arm64, r-release-windows-x86_64

Version: 1.0.3
Check: LazyData
Result: NOTE 'LazyData' is specified without a 'data' directory Flavors: r-devel-linux-x86_64-debian-clang, r-devel-linux-x86_64-debian-gcc, r-devel-linux-x86_64-fedora-clang, r-devel-linux-x86_64-fedora-gcc, r-devel-windows-x86_64, r-patched-linux-x86_64, r-release-linux-x86_64, r-release-macos-arm64, r-release-windows-x86_64, r-oldrel-macos-arm64, r-oldrel-macos-x86_64, r-oldrel-windows-x86_64