CRAN Package Check Results for Package LZeroSpikeInference

Last updated on 2023-06-06 20:09:48 CEST.

Flavor Version Tinstall Tcheck Ttotal Status Flags
r-devel-linux-x86_64-debian-clang 1.0.3 2.13 28.28 30.41 NOTE
r-devel-linux-x86_64-debian-gcc 1.0.3 2.08 22.01 24.09 NOTE
r-devel-linux-x86_64-fedora-clang 1.0.3 39.02 NOTE
r-devel-linux-x86_64-fedora-gcc 1.0.3 41.39 NOTE
r-devel-windows-x86_64 1.0.3 4.00 45.00 49.00 NOTE
r-patched-linux-x86_64 1.0.3 2.53 27.71 30.24 NOTE
r-release-linux-x86_64 1.0.3 1.93 27.81 29.74 NOTE
r-release-macos-arm64 1.0.3 17.00 NOTE
r-release-macos-x86_64 1.0.3 24.00 NOTE
r-release-windows-x86_64 1.0.3 4.00 45.00 49.00 NOTE
r-oldrel-macos-arm64 1.0.3 19.00 NOTE
r-oldrel-macos-x86_64 1.0.3 23.00 NOTE
r-oldrel-windows-x86_64 1.0.3 4.00 45.00 49.00 NOTE

Check Details

Version: 1.0.3
Check: LazyData
Result: NOTE
     'LazyData' is specified without a 'data' directory
Flavors: r-devel-linux-x86_64-debian-clang, r-devel-linux-x86_64-debian-gcc, r-devel-linux-x86_64-fedora-clang, r-devel-linux-x86_64-fedora-gcc, r-devel-windows-x86_64, r-patched-linux-x86_64, r-release-linux-x86_64, r-release-macos-arm64, r-release-macos-x86_64, r-release-windows-x86_64, r-oldrel-macos-arm64, r-oldrel-macos-x86_64, r-oldrel-windows-x86_64