CRAN Package Check Results for Package LSRS

Last updated on 2022-05-22 16:49:39 CEST.

Flavor Version Tinstall Tcheck Ttotal Status Flags
r-devel-linux-x86_64-debian-clang 0.2.0 2.02 30.12 32.14 NOTE
r-devel-linux-x86_64-debian-gcc 0.2.0 1.43 23.19 24.62 NOTE
r-devel-linux-x86_64-fedora-clang 0.2.0 38.94 NOTE
r-devel-linux-x86_64-fedora-gcc 0.2.0 37.87 NOTE
r-devel-windows-x86_64 0.2.0 11.00 46.00 57.00 NOTE
r-patched-linux-x86_64 0.2.0 1.94 28.73 30.67 NOTE
r-release-linux-x86_64 0.2.0 1.97 28.90 30.87 NOTE
r-release-macos-arm64 0.2.0 16.00 NOTE
r-release-macos-x86_64 0.2.0 19.00 NOTE
r-release-windows-x86_64 0.2.0 10.00 45.00 55.00 NOTE
r-oldrel-macos-arm64 0.2.0 17.00 NOTE
r-oldrel-macos-x86_64 0.2.0 25.00 NOTE
r-oldrel-windows-ix86+x86_64 0.2.0 5.00 38.00 43.00 NOTE

Check Details

Version: 0.2.0
Check: LazyData
Result: NOTE
     'LazyData' is specified without a 'data' directory
Flavors: r-devel-linux-x86_64-debian-clang, r-devel-linux-x86_64-debian-gcc, r-devel-linux-x86_64-fedora-clang, r-devel-linux-x86_64-fedora-gcc, r-devel-windows-x86_64, r-patched-linux-x86_64, r-release-linux-x86_64, r-release-macos-arm64, r-release-macos-x86_64, r-release-windows-x86_64, r-oldrel-macos-arm64, r-oldrel-macos-x86_64, r-oldrel-windows-ix86+x86_64