CRAN Package Check Results for Package LSAfun

Last updated on 2019-12-14 05:47:33 CET.

Flavor Version Tinstall Tcheck Ttotal Status Flags
r-devel-linux-x86_64-debian-clang 0.6.1 7.58 45.52 53.10 OK
r-devel-linux-x86_64-debian-gcc 0.6.1 6.46 35.96 42.42 OK
r-devel-linux-x86_64-fedora-clang 0.6.1 63.50 OK
r-devel-linux-x86_64-fedora-gcc 0.6.1 62.23 OK
r-devel-windows-ix86+x86_64 0.6.1 18.00 66.00 84.00 OK
r-devel-windows-ix86+x86_64-gcc8 0.6.1 16.00 60.00 76.00 OK
r-patched-linux-x86_64 0.6.1 6.66 41.28 47.94 OK
r-patched-solaris-x86 0.6.1 85.40 OK
r-release-linux-x86_64 0.6.1 5.80 41.06 46.86 OK
r-release-windows-ix86+x86_64 0.6.1 12.00 60.00 72.00 OK
r-release-osx-x86_64 0.6.1 WARN
r-oldrel-windows-ix86+x86_64 0.6.1 8.00 63.00 71.00 OK
r-oldrel-osx-x86_64 0.6.1 WARN

Check Details

Version: 0.6.1
Check: whether package can be installed
Result: WARN
    Found the following significant warnings:
     Warning: 'rgl_init' failed, running with rgl.useNULL = TRUE
Flavors: r-release-osx-x86_64, r-oldrel-osx-x86_64

Version: 0.6.1
Check: dependencies in R code
Result: NOTE
    No protocol specified
Flavors: r-release-osx-x86_64, r-oldrel-osx-x86_64

Version: 0.6.1
Check: S3 generic/method consistency
Result: WARN
    No protocol specified
    See section ‘Generic functions and methods’ in the ‘Writing R
    Extensions’ manual.
Flavors: r-release-osx-x86_64, r-oldrel-osx-x86_64

Version: 0.6.1
Check: replacement functions
Result: WARN
    No protocol specified
    The argument of a replacement function which corresponds to the right
    hand side must be named ‘value’.
Flavors: r-release-osx-x86_64, r-oldrel-osx-x86_64

Version: 0.6.1
Check: foreign function calls
Result: NOTE
    No protocol specified
    See chapter ‘System and foreign language interfaces’ in the ‘Writing R
    Extensions’ manual.
Flavors: r-release-osx-x86_64, r-oldrel-osx-x86_64

Version: 0.6.1
Check: R code for possible problems
Result: NOTE
    No protocol specified
Flavors: r-release-osx-x86_64, r-oldrel-osx-x86_64

Version: 0.6.1
Check: for missing documentation entries
Result: WARN
    No protocol specified
    All user-level objects in a package should have documentation entries.
    See chapter ‘Writing R documentation files’ in the ‘Writing R
    Extensions’ manual.
Flavors: r-release-osx-x86_64, r-oldrel-osx-x86_64

Version: 0.6.1
Check: for code/documentation mismatches
Result: WARN
    No protocol specified
    No protocol specified
    No protocol specified
Flavors: r-release-osx-x86_64, r-oldrel-osx-x86_64

Version: 0.6.1
Check: Rd \usage sections
Result: NOTE
    No protocol specified
    The \usage entries for S3 methods should use the \method markup and not
    their full name.
    See chapter ‘Writing R documentation files’ in the ‘Writing R
    Extensions’ manual.
Flavors: r-release-osx-x86_64, r-oldrel-osx-x86_64