CRAN Package Check Results for Package LSAfun

Last updated on 2020-07-10 01:49:05 CEST.

Flavor Version Tinstall Tcheck Ttotal Status Flags
r-devel-linux-x86_64-debian-clang 0.6.1 8.11 49.14 57.25 OK
r-devel-linux-x86_64-debian-gcc 0.6.1 6.42 39.08 45.50 OK
r-devel-linux-x86_64-fedora-clang 0.6.1 76.76 OK
r-devel-linux-x86_64-fedora-gcc 0.6.1 67.38 OK
r-devel-windows-ix86+x86_64 0.6.1 15.00 65.00 80.00 OK
r-patched-linux-x86_64 0.6.1 7.82 49.74 57.56 OK
r-patched-solaris-x86 0.6.1 92.50 OK
r-release-linux-x86_64 0.6.1 7.64 48.72 56.36 OK
r-release-osx-x86_64 0.6.1 OK
r-release-windows-ix86+x86_64 0.6.1 17.00 86.00 103.00 OK
r-oldrel-osx-x86_64 0.6.1 WARN
r-oldrel-windows-ix86+x86_64 0.6.1 14.00 82.00 96.00 OK

Check Details

Version: 0.6.1
Check: whether package can be installed
Result: WARN
    Found the following significant warnings:
     Warning: 'rgl_init' failed, running with rgl.useNULL = TRUE
Flavor: r-oldrel-osx-x86_64

Version: 0.6.1
Check: dependencies in R code
Result: NOTE
    No protocol specified
Flavor: r-oldrel-osx-x86_64

Version: 0.6.1
Check: S3 generic/method consistency
Result: WARN
    No protocol specified
    See section ‘Generic functions and methods’ in the ‘Writing R
    Extensions’ manual.
Flavor: r-oldrel-osx-x86_64

Version: 0.6.1
Check: replacement functions
Result: WARN
    No protocol specified
    The argument of a replacement function which corresponds to the right
    hand side must be named ‘value’.
Flavor: r-oldrel-osx-x86_64

Version: 0.6.1
Check: foreign function calls
Result: NOTE
    No protocol specified
    See chapter ‘System and foreign language interfaces’ in the ‘Writing R
    Extensions’ manual.
Flavor: r-oldrel-osx-x86_64

Version: 0.6.1
Check: R code for possible problems
Result: NOTE
    No protocol specified
Flavor: r-oldrel-osx-x86_64

Version: 0.6.1
Check: for missing documentation entries
Result: WARN
    No protocol specified
    All user-level objects in a package should have documentation entries.
    See chapter ‘Writing R documentation files’ in the ‘Writing R
    Extensions’ manual.
Flavor: r-oldrel-osx-x86_64

Version: 0.6.1
Check: for code/documentation mismatches
Result: WARN
    No protocol specified
    No protocol specified
    No protocol specified
Flavor: r-oldrel-osx-x86_64

Version: 0.6.1
Check: Rd \usage sections
Result: NOTE
    No protocol specified
    The \usage entries for S3 methods should use the \method markup and not
    their full name.
    See chapter ‘Writing R documentation files’ in the ‘Writing R
    Extensions’ manual.
Flavor: r-oldrel-osx-x86_64