CRAN Package Check Results for Package LRQMM

Last updated on 2022-01-25 00:49:53 CET.

Flavor Version Tinstall Tcheck Ttotal Status Flags
r-devel-linux-x86_64-debian-clang 1.2.3 2.66 42.61 45.27 OK
r-devel-linux-x86_64-debian-gcc 1.2.3 1.66 32.93 34.59 OK
r-devel-linux-x86_64-fedora-clang 1.2.3 54.72 OK
r-devel-linux-x86_64-fedora-gcc 1.2.3 44.15 OK
r-devel-windows-x86_64-new-UL 1.2.3 16.00 60.00 76.00 OK
r-devel-windows-x86_64-new-TK 1.2.3 OK
r-patched-linux-x86_64 1.2.3 2.70 40.16 42.86 OK
r-release-linux-x86_64 1.2.3 2.32 39.88 42.20 OK
r-release-macos-arm64 1.2.3 ERROR
r-release-macos-x86_64 1.2.3 ERROR
r-release-windows-ix86+x86_64 1.2.3 8.00 52.00 60.00 OK
r-oldrel-macos-x86_64 1.2.3 ERROR
r-oldrel-windows-ix86+x86_64 1.2.3 7.00 52.00 59.00 OK

Check Details

Version: 1.2.3
Check: package dependencies
Result: ERROR
    Package required but not available: ‘GeneticsPed’
    
    See section ‘The DESCRIPTION file’ in the ‘Writing R Extensions’
    manual.
Flavors: r-release-macos-arm64, r-release-macos-x86_64, r-oldrel-macos-x86_64