CRAN Package Check Results for Package LPsmooth

Last updated on 2022-05-24 15:52:50 CEST.

Flavor Version Tinstall Tcheck Ttotal Status Flags
r-devel-linux-x86_64-debian-clang 0.1.3 14.47 136.68 151.15 NOTE
r-devel-linux-x86_64-debian-gcc 0.1.3 10.88 100.34 111.22 NOTE
r-devel-linux-x86_64-fedora-clang 0.1.3 185.27 NOTE
r-devel-linux-x86_64-fedora-gcc 0.1.3 172.86 NOTE
r-devel-windows-x86_64 0.1.3 23.00 160.00 183.00 NOTE
r-patched-linux-x86_64 0.1.3 12.70 129.40 142.10 NOTE
r-release-linux-x86_64 0.1.3 NOTE
r-release-macos-arm64 0.1.3 42.00 NOTE
r-release-macos-x86_64 0.1.3 81.00 NOTE
r-release-windows-x86_64 0.1.3 19.00 150.00 169.00 NOTE
r-oldrel-macos-arm64 0.1.3 52.00 NOTE
r-oldrel-macos-x86_64 0.1.3 85.00 NOTE
r-oldrel-windows-ix86+x86_64 0.1.3 32.00 143.00 175.00 NOTE

Check Details

Version: 0.1.3
Check: LazyData
Result: NOTE
     'LazyData' is specified without a 'data' directory
Flavors: r-devel-linux-x86_64-debian-clang, r-devel-linux-x86_64-debian-gcc, r-devel-linux-x86_64-fedora-clang, r-devel-linux-x86_64-fedora-gcc, r-devel-windows-x86_64, r-patched-linux-x86_64, r-release-linux-x86_64, r-release-macos-arm64, r-release-macos-x86_64, r-release-windows-x86_64, r-oldrel-macos-arm64, r-oldrel-macos-x86_64, r-oldrel-windows-ix86+x86_64