CRAN Package Check Results for Package LPower

Last updated on 2022-08-12 18:49:47 CEST.

Flavor Version Tinstall Tcheck Ttotal Status Flags
r-devel-linux-x86_64-debian-clang 0.1.1 2.48 25.08 27.56 NOTE
r-devel-linux-x86_64-debian-gcc 0.1.1 1.70 19.45 21.15 NOTE
r-devel-linux-x86_64-fedora-clang 0.1.1 43.73 NOTE
r-devel-linux-x86_64-fedora-gcc 0.1.1 42.61 NOTE
r-devel-windows-x86_64 0.1.1 7.00 48.00 55.00 NOTE
r-patched-linux-x86_64 0.1.1 2.23 23.38 25.61 NOTE
r-release-linux-x86_64 0.1.1 2.26 23.91 26.17 NOTE
r-release-macos-arm64 0.1.1 14.00 NOTE
r-release-macos-x86_64 0.1.1 21.00 NOTE
r-release-windows-x86_64 0.1.1 6.00 50.00 56.00 NOTE
r-oldrel-macos-arm64 0.1.1 16.00 NOTE
r-oldrel-macos-x86_64 0.1.1 27.00 NOTE
r-oldrel-windows-ix86+x86_64 0.1.1 5.00 43.00 48.00 NOTE

Check Details

Version: 0.1.1
Check: LazyData
Result: NOTE
     'LazyData' is specified without a 'data' directory
Flavors: r-devel-linux-x86_64-debian-clang, r-devel-linux-x86_64-debian-gcc, r-devel-linux-x86_64-fedora-clang, r-devel-linux-x86_64-fedora-gcc, r-devel-windows-x86_64, r-patched-linux-x86_64, r-release-linux-x86_64, r-release-macos-arm64, r-release-macos-x86_64, r-release-windows-x86_64, r-oldrel-macos-arm64, r-oldrel-macos-x86_64, r-oldrel-windows-ix86+x86_64