Last updated on 2022-05-17 01:50:52 CEST.
Flavor | Version | Tinstall | Tcheck | Ttotal | Status | Flags |
---|---|---|---|---|---|---|
r-devel-linux-x86_64-debian-clang | 1.2 | 10.91 | 114.76 | 125.67 | NOTE | |
r-devel-linux-x86_64-debian-gcc | 1.2 | 8.50 | 84.53 | 93.03 | NOTE | |
r-devel-linux-x86_64-fedora-clang | 1.2 | 147.60 | NOTE | |||
r-devel-linux-x86_64-fedora-gcc | 1.2 | 143.19 | NOTE | |||
r-devel-windows-x86_64 | 1.2 | 15.00 | 133.00 | 148.00 | NOTE | |
r-patched-linux-x86_64 | 1.2 | 9.72 | 105.45 | 115.17 | NOTE | |
r-release-linux-x86_64 | 1.2 | 7.51 | 107.97 | 115.48 | NOTE | |
r-release-macos-arm64 | 1.2 | 40.00 | NOTE | |||
r-release-macos-x86_64 | 1.2 | 70.00 | NOTE | |||
r-release-windows-x86_64 | 1.2 | 14.00 | 129.00 | 143.00 | NOTE | |
r-oldrel-macos-arm64 | 1.2 | 41.00 | NOTE | |||
r-oldrel-macos-x86_64 | 1.2 | 85.00 | NOTE | |||
r-oldrel-windows-ix86+x86_64 | 1.2 | 29.00 | 122.00 | 151.00 | NOTE |
Version: 1.2
Check: LazyData
Result: NOTE
'LazyData' is specified without a 'data' directory
Flavors: r-devel-linux-x86_64-debian-clang, r-devel-linux-x86_64-debian-gcc, r-devel-linux-x86_64-fedora-clang, r-devel-linux-x86_64-fedora-gcc, r-devel-windows-x86_64, r-patched-linux-x86_64, r-release-linux-x86_64, r-release-macos-arm64, r-release-macos-x86_64, r-release-windows-x86_64, r-oldrel-macos-arm64, r-oldrel-macos-x86_64, r-oldrel-windows-ix86+x86_64