CRAN Package Check Results for Package LMN

Last updated on 2023-01-30 20:55:49 CET.

Flavor Version Tinstall Tcheck Ttotal Status Flags
r-devel-linux-x86_64-debian-clang 1.1.3 56.04 74.23 130.27 OK
r-devel-linux-x86_64-debian-gcc 1.1.3 46.49 54.28 100.77 OK
r-devel-linux-x86_64-fedora-clang 1.1.3 173.38 OK
r-devel-linux-x86_64-fedora-gcc 1.1.3 184.82 OK
r-devel-windows-x86_64 1.1.3 132.00 126.00 258.00 OK
r-patched-linux-x86_64 1.1.3 46.07 70.62 116.69 OK
r-release-linux-x86_64 1.1.3 47.90 71.17 119.07 OK
r-release-macos-arm64 1.1.3 47.00 NOTE
r-release-macos-x86_64 1.1.3 59.00 NOTE
r-release-windows-x86_64 1.1.3 48.00 129.00 177.00 OK
r-oldrel-macos-arm64 1.1.3 52.00 NOTE
r-oldrel-macos-x86_64 1.1.3 62.00 NOTE
r-oldrel-windows-ix86+x86_64 1.1.3 129.00 135.00 264.00 OK

Check Details

Version: 1.1.3
Check: installed package size
Result: NOTE
     installed size is 6.8Mb
     sub-directories of 1Mb or more:
     libs 6.4Mb
Flavors: r-release-macos-arm64, r-release-macos-x86_64, r-oldrel-macos-arm64, r-oldrel-macos-x86_64