CRAN Package Check Results for Package LLSR

Last updated on 2019-04-22 19:48:46 CEST.

Flavor Version Tinstall Tcheck Ttotal Status Flags
r-devel-linux-x86_64-debian-clang 0.0.2.19 7.96 64.23 72.19 OK
r-devel-linux-x86_64-debian-gcc 0.0.2.19 7.35 50.36 57.71 OK
r-devel-linux-x86_64-fedora-clang 0.0.2.19 85.41 NOTE
r-devel-linux-x86_64-fedora-gcc 0.0.2.19 87.18 NOTE
r-devel-windows-ix86+x86_64 0.0.2.19 22.00 104.00 126.00 OK
r-patched-linux-x86_64 0.0.2.19 9.87 63.16 73.03 OK
r-patched-solaris-x86 0.0.2.19 122.40 NOTE
r-release-linux-x86_64 0.0.2.19 7.09 60.52 67.61 OK
r-release-windows-ix86+x86_64 0.0.2.19 11.00 77.00 88.00 OK
r-release-osx-x86_64 0.0.2.19 NOTE
r-oldrel-windows-ix86+x86_64 0.0.2.2 13.00 101.00 114.00 OK
r-oldrel-osx-x86_64 0.0.2.19 ERROR

Check Details

Version: 0.0.2.19
Check: data for non-ASCII characters
Result: NOTE
     Note: found 109 marked UTF-8 strings
Flavors: r-devel-linux-x86_64-fedora-clang, r-devel-linux-x86_64-fedora-gcc, r-patched-solaris-x86, r-release-osx-x86_64

Version: 0.0.2.19
Check: whether package can be installed
Result: ERROR
    Installation failed.
Flavor: r-oldrel-osx-x86_64