CRAN Package Check Results for Package LLM

Last updated on 2024-03-01 20:52:52 CET.

Flavor Version Tinstall Tcheck Ttotal Status Flags
r-devel-linux-x86_64-debian-clang 1.1.0 18.43 152.83 171.26 NOTE
r-devel-linux-x86_64-debian-gcc 1.1.0 12.10 109.89 121.99 NOTE
r-devel-linux-x86_64-fedora-clang 1.1.0 210.55 NOTE
r-devel-linux-x86_64-fedora-gcc 1.1.0 207.27 NOTE
r-devel-windows-x86_64 1.1.0 14.00 116.00 130.00 NOTE
r-patched-linux-x86_64 1.1.0 15.81 149.19 165.00 NOTE
r-release-linux-x86_64 1.1.0 11.13 146.80 157.93 NOTE
r-release-macos-arm64 1.1.0 62.00 NOTE
r-release-macos-x86_64 1.1.0 102.00 NOTE
r-release-windows-x86_64 1.1.0 17.00 145.00 162.00 NOTE
r-oldrel-macos-arm64 1.1.0 53.00 NOTE
r-oldrel-windows-x86_64 1.1.0 19.00 141.00 160.00 NOTE

Check Details

Version: 1.1.0
Check: LazyData
Result: NOTE 'LazyData' is specified without a 'data' directory Flavors: r-devel-linux-x86_64-debian-clang, r-devel-linux-x86_64-debian-gcc, r-devel-linux-x86_64-fedora-clang, r-devel-linux-x86_64-fedora-gcc, r-devel-windows-x86_64, r-patched-linux-x86_64, r-release-linux-x86_64, r-release-macos-arm64, r-release-macos-x86_64, r-release-windows-x86_64, r-oldrel-macos-arm64, r-oldrel-windows-x86_64