Last updated on 2023-12-04 20:10:02 CET.
Flavor | Version | Tinstall | Tcheck | Ttotal | Status | Flags |
---|---|---|---|---|---|---|
r-devel-linux-x86_64-debian-clang | 1.3.3 | 6.23 | 98.95 | 105.18 | NOTE | |
r-devel-linux-x86_64-debian-gcc | 1.3.3 | 4.84 | 69.57 | 74.41 | NOTE | |
r-devel-linux-x86_64-fedora-clang | 1.3.3 | 125.70 | NOTE | |||
r-devel-linux-x86_64-fedora-gcc | 1.3.3 | 134.77 | NOTE | |||
r-devel-windows-x86_64 | 1.3.3 | 6.00 | 85.00 | 91.00 | NOTE | |
r-patched-linux-x86_64 | 1.3.3 | 5.09 | 93.02 | 98.11 | NOTE | |
r-release-linux-x86_64 | 1.3.3 | 6.68 | 93.84 | 100.52 | NOTE | |
r-release-macos-arm64 | 1.3.3 | 45.00 | NOTE | |||
r-release-macos-x86_64 | 1.3.3 | 75.00 | NOTE | |||
r-release-windows-x86_64 | 1.3.3 | 6.00 | 100.00 | 106.00 | NOTE | |
r-oldrel-macos-arm64 | 1.3.3 | 42.00 | OK | |||
r-oldrel-macos-x86_64 | 1.3.3 | 43.00 | OK | |||
r-oldrel-windows-x86_64 | 1.3.3 | 10.00 | 99.00 | 109.00 | OK |
Version: 1.3.3
Check: package subdirectories
Result: NOTE
Problems with news in ‘NEWS.md’:
No news entries found.
Flavors: r-devel-linux-x86_64-debian-clang, r-devel-linux-x86_64-debian-gcc, r-devel-linux-x86_64-fedora-clang, r-devel-linux-x86_64-fedora-gcc, r-devel-windows-x86_64, r-patched-linux-x86_64, r-release-linux-x86_64, r-release-macos-arm64, r-release-macos-x86_64, r-release-windows-x86_64
Version: 1.3.3
Check: Rd files
Result: NOTE
checkRd: (-1) dij.Rd:12: Lost braces; missing escapes or markup?
12 | \item{i}{A positive integer, which stands for the i^{th} row of \code{X}.}
| ^
checkRd: (-1) dij.Rd:14: Lost braces; missing escapes or markup?
14 | \item{j}{A positive integer, which stands for the j^{th} row of \code{X}. Both \code{i} and \code{j} should be in [1,nrow(X)] and they should not be equal to each other.}
| ^
checkRd: (-1) exchange.Rd:12: Lost braces; missing escapes or markup?
12 | \item{j}{A positive integer, which stands for the j^{th} column (or row) of \code{X}, and it should be within [1,ncol(X)] (or [1,nrow(X)]).}
| ^
Flavors: r-devel-linux-x86_64-debian-clang, r-devel-linux-x86_64-debian-gcc