Last updated on 2023-01-30 23:56:22 CET.
Flavor | Version | Tinstall | Tcheck | Ttotal | Status | Flags |
---|---|---|---|---|---|---|
r-devel-linux-x86_64-debian-clang | 1.3.3 | 6.43 | 97.57 | 104.00 | NOTE | |
r-devel-linux-x86_64-debian-gcc | 1.3.3 | 4.79 | 68.04 | 72.83 | NOTE | |
r-devel-linux-x86_64-fedora-clang | 1.3.3 | 125.87 | NOTE | |||
r-devel-linux-x86_64-fedora-gcc | 1.3.3 | 146.17 | NOTE | |||
r-devel-windows-x86_64 | 1.3.3 | 16.00 | 127.00 | 143.00 | NOTE | |
r-patched-linux-x86_64 | 1.3.3 | 5.81 | 92.68 | 98.49 | OK | |
r-release-linux-x86_64 | 1.3.3 | 5.45 | 95.77 | 101.22 | OK | |
r-release-macos-arm64 | 1.3.3 | 31.00 | OK | |||
r-release-macos-x86_64 | 1.3.3 | 43.00 | OK | |||
r-release-windows-x86_64 | 1.3.3 | 22.00 | 122.00 | 144.00 | OK | |
r-oldrel-macos-arm64 | 1.3.3 | 29.00 | OK | |||
r-oldrel-macos-x86_64 | 1.3.3 | 46.00 | OK | |||
r-oldrel-windows-ix86+x86_64 | 1.3.3 | 11.00 | 120.00 | 131.00 | OK |
Version: 1.3.3
Check: package subdirectories
Result: NOTE
Problems with news in ‘NEWS.md’:
No news entries found.
Flavors: r-devel-linux-x86_64-debian-clang, r-devel-linux-x86_64-debian-gcc, r-devel-linux-x86_64-fedora-clang, r-devel-linux-x86_64-fedora-gcc, r-devel-windows-x86_64