CRAN Package Check Results for Package LEAP

Last updated on 2021-09-19 11:50:02 CEST.

Flavor Version Tinstall Tcheck Ttotal Status Flags
r-devel-linux-x86_64-debian-clang 0.2 2.31 211.95 214.26 OK
r-devel-linux-x86_64-debian-gcc 0.2 1.72 139.98 141.70 OK
r-devel-linux-x86_64-fedora-clang 0.2 244.61 OK
r-devel-linux-x86_64-fedora-gcc 0.2 244.11 OK
r-devel-windows-x86_64 0.2 3.00 195.00 198.00 OK
r-devel-windows-x86_64-gcc10-UCRT 0.2 ERROR
r-patched-linux-x86_64 0.2 2.11 199.43 201.54 OK
r-patched-solaris-x86 0.2 276.80 OK
r-release-linux-x86_64 0.2 2.04 194.48 196.52 OK
r-release-macos-arm64 0.2 OK
r-release-macos-x86_64 0.2 OK
r-release-windows-ix86+x86_64 0.2 5.00 250.00 255.00 OK
r-oldrel-macos-x86_64 0.2 OK
r-oldrel-windows-ix86+x86_64 0.2 5.00 180.00 185.00 OK

Check Details

Version: 0.2
Check: whether package can be installed
Result: WARN
    Found the following significant warnings:
     WARNING: installation-time patches will not be applied, could not get the patches index
Flavor: r-devel-windows-x86_64-gcc10-UCRT

Version: 0.2
Check: PDF version of manual
Result: WARN
    LaTeX errors when creating PDF version.
    This typically indicates Rd problems.
Flavor: r-devel-windows-x86_64-gcc10-UCRT

Version: 0.2
Check: PDF version of manual without hyperrefs or index
Result: ERROR
    Re-running with no redirection of stdout/stderr.
Flavor: r-devel-windows-x86_64-gcc10-UCRT