Last updated on 2023-10-02 05:58:01 CEST.
Flavor | Version | Tinstall | Tcheck | Ttotal | Status | Flags |
---|---|---|---|---|---|---|
r-devel-linux-x86_64-debian-clang | 1.4.9 | 10.11 | 120.42 | 130.53 | NOTE | |
r-devel-linux-x86_64-debian-gcc | 1.4.9 | 7.86 | 91.39 | 99.25 | NOTE | |
r-devel-linux-x86_64-fedora-clang | 1.4.9 | 158.08 | NOTE | |||
r-devel-linux-x86_64-fedora-gcc | 1.4.9 | 177.48 | NOTE | |||
r-devel-windows-x86_64 | 1.4.9 | 9.00 | 114.00 | 123.00 | NOTE | |
r-patched-linux-x86_64 | 1.4.9 | 7.48 | 118.95 | 126.43 | OK | |
r-release-linux-x86_64 | 1.4.9 | 9.91 | 119.39 | 129.30 | OK | |
r-release-macos-arm64 | 1.4.9 | 52.00 | OK | |||
r-release-macos-x86_64 | 1.4.9 | 81.00 | OK | |||
r-release-windows-x86_64 | 1.4.9 | 11.00 | 135.00 | 146.00 | NOTE | |
r-oldrel-macos-arm64 | 1.4.9 | 46.00 | OK | |||
r-oldrel-macos-x86_64 | 1.4.9 | 59.00 | OK | |||
r-oldrel-windows-x86_64 | 1.4.9 | 11.00 | 143.00 | 154.00 | NOTE |
Version: 1.4.9
Check: Rd metadata
Result: NOTE
Invalid package aliases in Rd file 'LEANR-package.Rd':
‘LEAN-package’
Flavors: r-devel-linux-x86_64-debian-clang, r-devel-linux-x86_64-debian-gcc, r-devel-linux-x86_64-fedora-clang, r-devel-linux-x86_64-fedora-gcc, r-devel-windows-x86_64
Version: 1.4.9
Check: package dependencies
Result: NOTE
Package suggested but not available for checking: 'doMC'
Flavors: r-devel-windows-x86_64, r-release-windows-x86_64, r-oldrel-windows-x86_64