CRAN Package Check Results for Package LDheatmap

Last updated on 2019-09-22 19:51:23 CEST.

Flavor Version Tinstall Tcheck Ttotal Status Flags
r-devel-linux-x86_64-debian-clang 0.99-7 18.58 69.57 88.15 OK
r-devel-linux-x86_64-debian-gcc 0.99-7 13.09 55.56 68.65 OK
r-devel-linux-x86_64-fedora-clang 0.99-7 112.96 OK
r-devel-linux-x86_64-fedora-gcc 0.99-7 114.60 OK
r-devel-windows-ix86+x86_64 0.99-7 48.00 156.00 204.00 OK
r-patched-linux-x86_64 0.99-7 16.78 68.02 84.80 OK
r-patched-solaris-x86 0.99-7 146.00 OK
r-release-linux-x86_64 0.99-7 16.94 68.45 85.39 OK
r-release-windows-ix86+x86_64 0.99-7 56.00 169.00 225.00 OK
r-release-osx-x86_64 0.99-7 ERROR
r-oldrel-windows-ix86+x86_64 0.99-7 28.00 108.00 136.00 OK
r-oldrel-osx-x86_64 0.99-7 NOTE

Check Details

Version: 0.99-7
Check: package dependencies
Result: ERROR
    Package required but not available: ‘snpStats’
    
    Packages suggested but not available for checking:
     'rtracklayer', 'GenomicRanges', 'GenomeInfoDb', 'IRanges'
    
    See section ‘The DESCRIPTION file’ in the ‘Writing R Extensions’
    manual.
Flavor: r-release-osx-x86_64

Version: 0.99-7
Check: package dependencies
Result: NOTE
    Package suggested but not available for checking: ‘rtracklayer’
Flavor: r-oldrel-osx-x86_64