CRAN Package Check Results for Package KraljicMatrix

Last updated on 2019-06-18 22:01:50 CEST.

Flavor Version Tinstall Tcheck Ttotal Status Flags
r-devel-linux-x86_64-debian-clang 0.2.1 3.88 45.58 49.46 OK
r-devel-linux-x86_64-debian-gcc 0.2.1 3.45 35.64 39.09 OK
r-devel-linux-x86_64-fedora-clang 0.2.1 59.38 NOTE
r-devel-linux-x86_64-fedora-gcc 0.2.1 56.50 NOTE
r-devel-windows-ix86+x86_64 0.2.1 18.00 85.00 103.00 OK
r-patched-linux-x86_64 0.2.1 4.18 44.28 48.46 OK
r-patched-solaris-x86 0.2.1 87.30 NOTE
r-release-linux-x86_64 0.2.1 3.87 44.64 48.51 OK
r-release-windows-ix86+x86_64 0.2.1 16.00 80.00 96.00 OK
r-release-osx-x86_64 0.2.1 NOTE
r-oldrel-windows-ix86+x86_64 0.2.1 4.00 93.00 97.00 OK
r-oldrel-osx-x86_64 0.2.1 NOTE

Check Details

Version: 0.2.1
Check: dependencies in R code
Result: NOTE
    Namespaces in Imports field not imported from:
     ‘dplyr’ ‘tibble’
     All declared Imports should be used.
Flavors: r-devel-linux-x86_64-fedora-clang, r-devel-linux-x86_64-fedora-gcc, r-patched-solaris-x86, r-release-osx-x86_64, r-oldrel-osx-x86_64