CRAN Package Check Results for Package KraljicMatrix

Last updated on 2019-09-22 21:47:39 CEST.

Flavor Version Tinstall Tcheck Ttotal Status Flags
r-devel-linux-x86_64-debian-clang 0.2.1 4.36 44.34 48.70 OK
r-devel-linux-x86_64-debian-gcc 0.2.1 3.71 35.01 38.72 OK
r-devel-linux-x86_64-fedora-clang 0.2.1 60.07 NOTE
r-devel-linux-x86_64-fedora-gcc 0.2.1 57.71 NOTE
r-devel-windows-ix86+x86_64 0.2.1 20.00 94.00 114.00 OK
r-patched-linux-x86_64 0.2.1 4.10 43.06 47.16 OK
r-patched-solaris-x86 0.2.1 86.90 NOTE
r-release-linux-x86_64 0.2.1 4.29 43.73 48.02 OK
r-release-windows-ix86+x86_64 0.2.1 16.00 78.00 94.00 OK
r-release-osx-x86_64 0.2.1 NOTE
r-oldrel-windows-ix86+x86_64 0.2.1 6.00 55.00 61.00 OK
r-oldrel-osx-x86_64 0.2.1 NOTE

Check Details

Version: 0.2.1
Check: dependencies in R code
Result: NOTE
    Namespaces in Imports field not imported from:
     ‘dplyr’ ‘tibble’
     All declared Imports should be used.
Flavors: r-devel-linux-x86_64-fedora-clang, r-devel-linux-x86_64-fedora-gcc, r-patched-solaris-x86, r-release-osx-x86_64, r-oldrel-osx-x86_64