CRAN Package Check Results for Package KraljicMatrix

Last updated on 2021-06-17 20:51:57 CEST.

Flavor Version Tinstall Tcheck Ttotal Status Flags
r-devel-linux-x86_64-debian-clang 0.2.1 5.18 57.78 62.96 OK
r-devel-linux-x86_64-debian-gcc 0.2.1 3.94 43.01 46.95 OK
r-devel-linux-x86_64-fedora-clang 0.2.1 87.19 NOTE
r-devel-linux-x86_64-fedora-gcc 0.2.1 73.39 NOTE
r-devel-windows-x86_64 0.2.1 9.00 85.00 94.00 OK
r-devel-windows-x86_64-gcc10-UCRT 0.2.1 NOTE
r-patched-linux-x86_64 0.2.1 4.70 54.15 58.85 OK
r-patched-solaris-x86 0.2.1 102.50 NOTE
r-release-linux-x86_64 0.2.1 4.58 54.29 58.87 OK
r-release-macos-arm64 0.2.1 NOTE
r-release-macos-x86_64 0.2.1 NOTE
r-release-windows-ix86+x86_64 0.2.1 14.00 76.00 90.00 OK
r-oldrel-macos-x86_64 0.2.1 NOTE
r-oldrel-windows-ix86+x86_64 0.2.1 10.00 67.00 77.00 OK

Check Details

Version: 0.2.1
Check: dependencies in R code
Result: NOTE
    Namespaces in Imports field not imported from:
     ‘dplyr’ ‘tibble’
     All declared Imports should be used.
Flavors: r-devel-linux-x86_64-fedora-clang, r-devel-linux-x86_64-fedora-gcc, r-devel-windows-x86_64-gcc10-UCRT, r-patched-solaris-x86, r-release-macos-arm64, r-release-macos-x86_64, r-oldrel-macos-x86_64