CRAN Package Check Results for Package KoboconnectR

Last updated on 2024-02-26 06:52:57 CET.

Flavor Version Tinstall Tcheck Ttotal Status Flags
r-devel-linux-x86_64-debian-clang 1.2.1 5.13 54.20 59.33 NOTE
r-devel-linux-x86_64-debian-gcc 1.2.1 4.49 40.82 45.31 NOTE
r-devel-linux-x86_64-fedora-clang 1.2.1 78.07 NOTE
r-devel-linux-x86_64-fedora-gcc 1.2.1 86.35 NOTE
r-devel-windows-x86_64 1.2.1 6.00 66.00 72.00 OK
r-patched-linux-x86_64 1.2.1 3.73 51.67 55.40 OK
r-release-linux-x86_64 1.2.1 3.78 51.87 55.65 OK
r-release-macos-arm64 1.2.1 36.00 OK
r-release-macos-x86_64 1.2.1 46.00 OK
r-release-windows-x86_64 1.2.1 7.00 70.00 77.00 OK
r-oldrel-macos-arm64 1.2.1 33.00 OK
r-oldrel-windows-x86_64 1.2.1 7.00 74.00 81.00 OK

Check Details

Version: 1.2.1
Check: Rd files
Result: NOTE checkRd: (-1) kobotools_kpi_data.Rd:30: Lost braces; missing escapes or markup? 30 | `kobotools_kpi_data` is a wrapper for kobotoolbox API `https://[URL]/api/v2/assets/{assetid}/data/` | ^ Flavors: r-devel-linux-x86_64-debian-clang, r-devel-linux-x86_64-debian-gcc, r-devel-linux-x86_64-fedora-clang, r-devel-linux-x86_64-fedora-gcc