Last updated on 2023-03-30 10:55:03 CEST.
Flavor | Version | Tinstall | Tcheck | Ttotal | Status | Flags |
---|---|---|---|---|---|---|
r-devel-linux-x86_64-debian-clang | 1.2.1 | 5.94 | 52.55 | 58.49 | OK | |
r-devel-linux-x86_64-debian-gcc | 1.2.1 | 4.33 | 39.23 | 43.56 | OK | |
r-devel-linux-x86_64-fedora-clang | 1.2.1 | 76.10 | OK | |||
r-devel-linux-x86_64-fedora-gcc | 1.2.1 | 84.98 | OK | |||
r-devel-windows-x86_64 | 1.2.1 | 29.00 | 87.00 | 116.00 | OK | |
r-patched-linux-x86_64 | 1.2.1 | 5.13 | 47.69 | 52.82 | OK | |
r-release-linux-x86_64 | 1.2.1 | 5.41 | 50.92 | 56.33 | OK | |
r-release-macos-arm64 | 1.2.1 | 33.00 | OK | |||
r-release-macos-x86_64 | 1.2.1 | 41.00 | OK | |||
r-release-windows-x86_64 | 1.2.1 | 24.00 | 142.00 | 166.00 | OK | |
r-oldrel-macos-arm64 | 1.2.1 | 39.00 | OK | |||
r-oldrel-macos-x86_64 | 1.2.1 | 44.00 | OK | |||
r-oldrel-windows-ix86+x86_64 | 1.2.1 | 14.00 | 86.00 | 100.00 | NOTE |
Version: 1.2.1
Check: R code for possible problems
Result: NOTE
Initiating curl with CURL_SSL_BACKEND: openssl
Flavor: r-oldrel-windows-ix86+x86_64