CRAN Package Check Results for Package KnapsackSampling

Last updated on 2022-07-01 02:54:20 CEST.

Flavor Version Tinstall Tcheck Ttotal Status Flags
r-devel-linux-x86_64-debian-clang 0.1.0 1.41 22.42 23.83 OK
r-devel-linux-x86_64-debian-gcc 0.1.0 1.55 17.79 19.34 OK
r-devel-linux-x86_64-fedora-clang 0.1.0 42.38 NOTE
r-devel-linux-x86_64-fedora-gcc 0.1.0 40.50 NOTE
r-devel-windows-x86_64 0.1.0 34.00 50.00 84.00 OK
r-patched-linux-x86_64 0.1.0 1.94 22.80 24.74 OK
r-release-linux-x86_64 0.1.0 1.76 21.93 23.69 OK
r-release-macos-arm64 0.1.0 16.00 NOTE
r-release-macos-x86_64 0.1.0 20.00 NOTE
r-release-windows-x86_64 0.1.0 5.00 49.00 54.00 OK
r-oldrel-macos-arm64 0.1.0 18.00 NOTE
r-oldrel-macos-x86_64 0.1.0 25.00 NOTE
r-oldrel-windows-ix86+x86_64 0.1.0 6.00 38.00 44.00 OK

Check Details

Version: 0.1.0
Check: dependencies in R code
Result: NOTE
    Namespace in Imports field not imported from: ‘utils’
     All declared Imports should be used.
Flavors: r-devel-linux-x86_64-fedora-clang, r-devel-linux-x86_64-fedora-gcc, r-release-macos-arm64, r-release-macos-x86_64, r-oldrel-macos-arm64, r-oldrel-macos-x86_64