CRAN Package Check Results for Package KODAMA

Last updated on 2023-10-02 05:58:01 CEST.

Flavor Version Tinstall Tcheck Ttotal Status Flags
r-devel-linux-x86_64-debian-clang 2.4 72.63 105.57 178.20 OK
r-devel-linux-x86_64-debian-gcc 2.4 52.29 79.81 132.10 OK
r-devel-linux-x86_64-fedora-clang 2.4 248.92 OK
r-devel-linux-x86_64-fedora-gcc 2.4 271.02 OK
r-devel-windows-x86_64 2.4 61.00 126.00 187.00 OK
r-patched-linux-x86_64 2.4 71.30 102.95 174.25 OK
r-release-linux-x86_64 2.4 70.62 103.65 174.27 OK
r-release-macos-arm64 2.4 72.00 NOTE
r-release-macos-x86_64 2.4 125.00 NOTE
r-release-windows-x86_64 2.4 79.00 144.00 223.00 OK
r-oldrel-macos-arm64 2.4 64.00 NOTE
r-oldrel-macos-x86_64 2.4 84.00 NOTE
r-oldrel-windows-x86_64 2.4 72.00 154.00 226.00 OK

Check Details

Version: 2.4
Check: installed package size
Result: NOTE
     installed size is 6.9Mb
     sub-directories of 1Mb or more:
     data 1.6Mb
     libs 4.1Mb
Flavors: r-release-macos-arm64, r-release-macos-x86_64, r-oldrel-macos-arm64, r-oldrel-macos-x86_64