CRAN Package Check Results for Package KMunicate

Last updated on 2020-10-31 20:47:25 CET.

Flavor Version Tinstall Tcheck Ttotal Status Flags
r-devel-linux-x86_64-debian-clang 0.1.0 10.54 135.46 146.00 OK
r-devel-linux-x86_64-debian-gcc 0.1.0 9.49 99.14 108.63 OK
r-devel-linux-x86_64-fedora-clang 0.1.0 180.06 OK
r-devel-linux-x86_64-fedora-gcc 0.1.0 187.74 OK
r-devel-windows-ix86+x86_64 0.1.0 28.00 151.00 179.00 OK
r-patched-linux-x86_64 0.1.0 10.91 128.42 139.33 OK
r-patched-solaris-x86 0.1.0 235.20 OK
r-release-linux-x86_64 0.1.0 10.61 123.75 134.36 OK
r-release-macos-x86_64 0.1.0 WARN
r-release-windows-ix86+x86_64 0.1.0 19.00 139.00 158.00 OK
r-oldrel-macos-x86_64 0.1.0 WARN
r-oldrel-windows-ix86+x86_64 0.1.0 16.00 110.00 126.00 OK

Check Details

Version: 0.1.0
Check: re-building of vignette outputs
Result: WARN
    Error(s) in re-building vignettes:
     ...
    --- re-building ‘KMunicate.Rmd’ using rmarkdown
    Warning in engine$weave(file, quiet = quiet, encoding = enc) :
     Pandoc (>= 1.12.3) and/or pandoc-citeproc not available. Falling back to R Markdown v1.
    Registering fonts with R
    Quitting from lines 136-145 (KMunicate.Rmd)
    Error: processing vignette 'KMunicate.Rmd' failed with diagnostics:
    polygon edge not found
    --- failed re-building ‘KMunicate.Rmd’
    
    SUMMARY: processing the following file failed:
     ‘KMunicate.Rmd’
    
    Error: Vignette re-building failed.
    Execution halted
Flavors: r-release-macos-x86_64, r-oldrel-macos-x86_64