CRAN Package Check Results for Package Jaya

Last updated on 2023-06-02 08:56:35 CEST.

Flavor Version Tinstall Tcheck Ttotal Status Flags
r-devel-linux-x86_64-debian-clang 0.1.9 2.27 130.07 132.34 NOTE
r-devel-linux-x86_64-debian-gcc 0.1.9 1.78 101.46 103.24 NOTE
r-devel-linux-x86_64-fedora-clang 0.1.9 164.64 NOTE
r-devel-linux-x86_64-fedora-gcc 0.1.9 187.37 NOTE
r-devel-windows-x86_64 0.1.9 3.00 105.00 108.00 NOTE
r-patched-linux-x86_64 0.1.9 NOTE
r-release-linux-x86_64 0.1.9 1.34 130.21 131.55 NOTE
r-release-macos-arm64 0.1.9 49.00 NOTE
r-release-macos-x86_64 0.1.9 92.00 NOTE
r-release-windows-x86_64 0.1.9 4.00 140.00 144.00 NOTE
r-oldrel-macos-arm64 0.1.9 43.00 NOTE
r-oldrel-macos-x86_64 0.1.9 58.00 NOTE
r-oldrel-windows-x86_64 0.1.9 4.00 140.00 144.00 NOTE

Check Details

Version: 0.1.9
Check: LazyData
Result: NOTE
     'LazyData' is specified without a 'data' directory
Flavors: r-devel-linux-x86_64-debian-clang, r-devel-linux-x86_64-debian-gcc, r-devel-linux-x86_64-fedora-clang, r-devel-linux-x86_64-fedora-gcc, r-devel-windows-x86_64, r-patched-linux-x86_64, r-release-linux-x86_64, r-release-macos-arm64, r-release-macos-x86_64, r-release-windows-x86_64, r-oldrel-macos-arm64, r-oldrel-macos-x86_64, r-oldrel-windows-x86_64

Version: 0.1.9
Check: dependencies in R code
Result: NOTE
    Namespace in Imports field not imported from: ‘GA’
     All declared Imports should be used.
Flavors: r-devel-linux-x86_64-fedora-clang, r-devel-linux-x86_64-fedora-gcc, r-oldrel-macos-x86_64