CRAN Package Check Results for Package JSmediation

Last updated on 2021-12-08 15:50:48 CET.

Flavor Version Tinstall Tcheck Ttotal Status Flags
r-devel-linux-x86_64-debian-clang 0.2.0 3.86 251.13 254.99 OK
r-devel-linux-x86_64-debian-gcc 0.2.0 3.09 178.15 181.24 OK
r-devel-linux-x86_64-fedora-clang 0.2.0 292.36 NOTE
r-devel-linux-x86_64-fedora-gcc 0.2.0 290.01 NOTE
r-devel-windows-x86_64-new-UL 0.2.0 14.00 240.00 254.00 OK
r-devel-windows-x86_64-new-TK 0.2.0 NOTE
r-devel-windows-x86_64-old 0.2.0 7.00 257.00 264.00 OK
r-patched-linux-x86_64 0.2.0 9.86 236.51 246.37 OK
r-release-linux-x86_64 0.2.0 3.84 235.64 239.48 OK
r-release-macos-arm64 0.2.0 NOTE
r-release-macos-x86_64 0.2.0 NOTE
r-release-windows-ix86+x86_64 0.2.0 6.00 229.00 235.00 OK
r-oldrel-macos-x86_64 0.2.0 NOTE
r-oldrel-windows-ix86+x86_64 0.2.0 11.00 248.00 259.00 OK

Check Details

Version: 0.2.0
Check: dependencies in R code
Result: NOTE
    Namespace in Imports field not imported from: ‘utils’
     All declared Imports should be used.
Flavors: r-devel-linux-x86_64-fedora-clang, r-devel-linux-x86_64-fedora-gcc, r-devel-windows-x86_64-new-TK, r-release-macos-arm64, r-release-macos-x86_64, r-oldrel-macos-x86_64