Last updated on 2022-05-23 14:53:29 CEST.
Flavor | Version | Tinstall | Tcheck | Ttotal | Status | Flags |
---|---|---|---|---|---|---|
r-devel-linux-x86_64-debian-clang | 0.2.0 | 3.66 | 263.39 | 267.05 | OK | |
r-devel-linux-x86_64-debian-gcc | 0.2.0 | 3.39 | 185.81 | 189.20 | OK | |
r-devel-linux-x86_64-fedora-clang | 0.2.0 | 302.60 | NOTE | |||
r-devel-linux-x86_64-fedora-gcc | 0.2.0 | 302.30 | NOTE | |||
r-devel-windows-x86_64 | 0.2.0 | 38.00 | 243.00 | 281.00 | OK | |
r-patched-linux-x86_64 | 0.2.0 | 8.31 | 244.88 | 253.19 | OK | |
r-release-linux-x86_64 | 0.2.0 | OK | ||||
r-release-macos-arm64 | 0.2.0 | 70.00 | NOTE | |||
r-release-macos-x86_64 | 0.2.0 | 133.00 | NOTE | |||
r-release-windows-x86_64 | 0.2.0 | 37.00 | 236.00 | 273.00 | OK | |
r-oldrel-macos-arm64 | 0.2.0 | 109.00 | NOTE | |||
r-oldrel-macos-x86_64 | 0.2.0 | 93.00 | NOTE | |||
r-oldrel-windows-ix86+x86_64 | 0.2.0 | 11.00 | 247.00 | 258.00 | OK |
Version: 0.2.0
Check: dependencies in R code
Result: NOTE
Namespace in Imports field not imported from: ‘utils’
All declared Imports should be used.
Flavors: r-devel-linux-x86_64-fedora-clang, r-devel-linux-x86_64-fedora-gcc, r-release-macos-arm64, r-release-macos-x86_64, r-oldrel-macos-arm64, r-oldrel-macos-x86_64