CRAN Package Check Results for Package JSmediation

Last updated on 2020-08-12 21:49:45 CEST.

Flavor Version Tinstall Tcheck Ttotal Status Flags
r-devel-linux-x86_64-debian-clang 0.1.1 0.53 2.48 3.01 ERROR
r-devel-linux-x86_64-debian-gcc 0.1.1 2.54 32.66 35.20 OK
r-devel-linux-x86_64-fedora-clang 0.1.1 63.36 OK
r-devel-linux-x86_64-fedora-gcc 0.1.1 52.64 OK
r-devel-windows-ix86+x86_64 0.1.1 11.00 75.00 86.00 OK
r-patched-linux-x86_64 0.1.1 2.99 40.92 43.91 OK
r-patched-solaris-x86 0.1.1 78.00 OK
r-release-linux-x86_64 0.1.1 0.42 2.52 2.94 ERROR
r-release-macos-x86_64 0.1.1 OK
r-release-windows-ix86+x86_64 0.1.1 14.00 80.00 94.00 OK
r-oldrel-macos-x86_64 0.1.1 OK
r-oldrel-windows-ix86+x86_64 0.1.1 6.00 51.00 57.00 OK

Check Details

Version: 0.1.1
Check: package dependencies
Result: ERROR
    Package required but not available: 'broom'
    
    See section 'The DESCRIPTION file' in the 'Writing R Extensions'
    manual.
Flavors: r-devel-linux-x86_64-debian-clang, r-release-linux-x86_64