CRAN Package Check Results for Package JSM

Last updated on 2021-06-23 02:50:55 CEST.

Flavor Version Tinstall Tcheck Ttotal Status Flags
r-devel-linux-x86_64-debian-clang 1.0.1 285.68 199.37 485.05 OK
r-devel-linux-x86_64-debian-gcc 1.0.1 171.55 146.18 317.73 OK
r-devel-linux-x86_64-fedora-clang 1.0.1 657.63 NOTE
r-devel-linux-x86_64-fedora-gcc 1.0.1 578.41 OK
r-devel-windows-x86_64 1.0.1 318.00 243.00 561.00 OK
r-devel-windows-x86_64-gcc10-UCRT 1.0.1 OK
r-patched-linux-x86_64 1.0.1 207.09 191.52 398.61 OK
r-patched-solaris-x86 1.0.1 674.40 OK
r-release-linux-x86_64 1.0.1 209.83 188.59 398.42 OK
r-release-macos-arm64 1.0.1 NOTE
r-release-macos-x86_64 1.0.1 NOTE
r-release-windows-ix86+x86_64 1.0.1 627.00 304.00 931.00 OK
r-oldrel-macos-x86_64 1.0.1 NOTE

Check Details

Version: 1.0.1
Check: installed package size
Result: NOTE
     installed size is 17.2Mb
     sub-directories of 1Mb or more:
     libs 16.7Mb
Flavors: r-devel-linux-x86_64-fedora-clang, r-release-macos-arm64, r-release-macos-x86_64, r-oldrel-macos-x86_64