CRAN Package Check Results for Package JRF

Last updated on 2022-08-11 01:49:10 CEST.

Flavor Version Tinstall Tcheck Ttotal Status Flags
r-devel-linux-x86_64-debian-clang 0.1-4 4.62 26.79 31.41 OK
r-devel-linux-x86_64-debian-gcc 0.1-4 2.98 20.59 23.57 OK
r-devel-linux-x86_64-fedora-clang 0.1-4 49.99 NOTE
r-devel-linux-x86_64-fedora-gcc 0.1-4 47.79 NOTE
r-devel-windows-x86_64 0.1-4 13.00 51.00 64.00 OK
r-patched-linux-x86_64 0.1-4 3.71 26.18 29.89 OK
r-release-linux-x86_64 0.1-4 OK
r-release-macos-arm64 0.1-4 19.00 OK
r-release-macos-x86_64 0.1-4 23.00 OK
r-release-windows-x86_64 0.1-4 12.00 52.00 64.00 OK
r-oldrel-macos-arm64 0.1-4 23.00 OK
r-oldrel-macos-x86_64 0.1-4 30.00 OK
r-oldrel-windows-ix86+x86_64 0.1-4 10.00 54.00 64.00 OK

Check Details

Version: 0.1-4
Check: compiled code
Result: NOTE
    File ‘JRF/libs/JRF.so’:
     Found no calls to: ‘R_registerRoutines’, ‘R_useDynamicSymbols’
    
    It is good practice to register native routines and to disable symbol
    search.
    
    See ‘Writing portable packages’ in the ‘Writing R Extensions’ manual.
Flavors: r-devel-linux-x86_64-fedora-clang, r-devel-linux-x86_64-fedora-gcc