CRAN Package Check Results for Package JQL

Last updated on 2024-06-13 07:50:33 CEST.

Flavor Version Tinstall Tcheck Ttotal Status Flags
r-devel-linux-x86_64-debian-clang 3.6.9 14.94 143.07 158.01 OK
r-devel-linux-x86_64-debian-gcc 3.6.9 0.23 1.70 1.93 ERROR
r-devel-linux-x86_64-fedora-clang 3.6.9 200.77 OK
r-devel-linux-x86_64-fedora-gcc 3.6.9 188.78 OK
r-devel-windows-x86_64 3.6.9 13.00 109.00 122.00 OK
r-patched-linux-x86_64 3.6.9 12.08 134.16 146.24 OK
r-release-linux-x86_64 3.6.9 10.62 137.60 148.22 OK
r-release-macos-arm64 3.6.9 55.00 OK
r-release-macos-x86_64 3.6.9 85.00 OK
r-release-windows-x86_64 3.6.9 14.00 109.00 123.00 OK
r-oldrel-macos-arm64 3.6.9 59.00 OK
r-oldrel-macos-x86_64 3.6.9 94.00 OK
r-oldrel-windows-x86_64 3.6.9 18.00 134.00 152.00 OK

Check Details

Version: 3.6.9
Check: package dependencies
Result: ERROR Package required but not available: ‘caret’ See section ‘The DESCRIPTION file’ in the ‘Writing R Extensions’ manual. Flavor: r-devel-linux-x86_64-debian-gcc