Last updated on 2023-03-30 05:49:12 CEST.
Flavor | Version | Tinstall | Tcheck | Ttotal | Status | Flags |
---|---|---|---|---|---|---|
r-devel-linux-x86_64-debian-clang | 2.1.0 | 24.53 | 56.93 | 81.46 | OK | |
r-devel-linux-x86_64-debian-gcc | 2.1.0 | 14.38 | 45.44 | 59.82 | OK | |
r-devel-linux-x86_64-fedora-clang | 2.1.0 | 106.70 | NOTE | |||
r-devel-linux-x86_64-fedora-gcc | 2.1.0 | 115.60 | NOTE | |||
r-devel-windows-x86_64 | 2.1.0 | 44.00 | 146.00 | 190.00 | OK | |
r-patched-linux-x86_64 | 2.1.0 | 15.60 | 56.34 | 71.94 | OK | |
r-release-linux-x86_64 | 2.1.0 | 13.92 | 56.46 | 70.38 | OK | |
r-release-macos-arm64 | 2.1.0 | 45.00 | NOTE | |||
r-release-macos-x86_64 | 2.1.0 | 49.00 | NOTE | |||
r-release-windows-x86_64 | 2.1.0 | 27.00 | 133.00 | 160.00 | OK | |
r-oldrel-macos-arm64 | 2.1.0 | 66.00 | NOTE | |||
r-oldrel-macos-x86_64 | 2.1.0 | 72.00 | NOTE | |||
r-oldrel-windows-ix86+x86_64 | 2.1.0 | 48.00 | 118.00 | 166.00 | OK |
Version: 2.1.0
Check: dependencies in R code
Result: NOTE
Namespace in Imports field not imported from: ‘doParallel’
All declared Imports should be used.
Flavors: r-devel-linux-x86_64-fedora-clang, r-devel-linux-x86_64-fedora-gcc, r-release-macos-arm64, r-release-macos-x86_64, r-oldrel-macos-arm64, r-oldrel-macos-x86_64