CRAN Package Check Results for Package JOPS

Last updated on 2021-12-05 22:48:55 CET.

Flavor Version Tinstall Tcheck Ttotal Status Flags
r-devel-linux-x86_64-debian-clang 0.1.15 13.60 139.88 153.48 OK
r-devel-linux-x86_64-debian-gcc 0.1.15 10.09 106.66 116.75 OK
r-devel-linux-x86_64-fedora-clang 0.1.15 188.93 NOTE
r-devel-linux-x86_64-fedora-gcc 0.1.15 185.05 NOTE
r-devel-windows-x86_64-new-UL 0.1.15 31.00 189.00 220.00 OK
r-devel-windows-x86_64-new-TK 0.1.15 NOTE
r-devel-windows-x86_64-old 0.1.15 23.00 138.00 161.00 OK
r-patched-linux-x86_64 0.1.15 21.26 125.97 147.23 OK
r-release-linux-x86_64 0.1.15 13.16 133.87 147.03 OK
r-release-macos-arm64 0.1.15 NOTE
r-release-macos-x86_64 0.1.15 NOTE
r-release-windows-ix86+x86_64 0.1.15 31.00 181.00 212.00 OK
r-oldrel-macos-x86_64 0.1.15 NOTE
r-oldrel-windows-ix86+x86_64 0.1.15 29.00 175.00 204.00 OK

Check Details

Version: 0.1.15
Check: dependencies in R code
Result: NOTE
    Namespaces in Imports field not imported from:
     ‘MASS’ ‘boot’ ‘fds’ ‘rpart’
     All declared Imports should be used.
Flavors: r-devel-linux-x86_64-fedora-clang, r-devel-linux-x86_64-fedora-gcc, r-devel-windows-x86_64-new-TK, r-release-macos-arm64, r-release-macos-x86_64, r-oldrel-macos-x86_64