CRAN Package Check Results for Package JMbayes

Last updated on 2021-12-03 00:48:45 CET.

Flavor Version Tinstall Tcheck Ttotal Status Flags
r-devel-linux-x86_64-debian-clang 0.8-85 145.03 204.20 349.23 OK
r-devel-linux-x86_64-debian-gcc 0.8-85 118.70 146.32 265.02 OK
r-devel-linux-x86_64-fedora-clang 0.8-85 470.69 NOTE
r-devel-linux-x86_64-fedora-gcc 0.8-85 485.14 OK
r-devel-windows-x86_64-new-UL 0.8-85 193.00 271.00 464.00 OK
r-devel-windows-x86_64-new-TK 0.8-85 OK
r-devel-windows-x86_64-old 0.8-85 181.00 183.00 364.00 OK
r-patched-linux-x86_64 0.8-85 138.80 192.30 331.10 OK
r-patched-solaris-x86 0.8-85 540.20 OK
r-release-linux-x86_64 0.8-85 133.18 188.46 321.64 OK
r-release-macos-arm64 0.8-85 NOTE
r-release-macos-x86_64 0.8-85 NOTE
r-release-windows-ix86+x86_64 0.8-85 340.00 303.00 643.00 OK
r-oldrel-macos-x86_64 0.8-85 NOTE
r-oldrel-windows-ix86+x86_64 0.8-85 336.00 299.00 635.00 OK

Check Details

Version: 0.8-85
Check: installed package size
Result: NOTE
     installed size is 7.9Mb
     sub-directories of 1Mb or more:
     libs 6.7Mb
Flavors: r-devel-linux-x86_64-fedora-clang, r-release-macos-arm64, r-release-macos-x86_64, r-oldrel-macos-x86_64