CRAN Package Check Results for Package JMI

Last updated on 2021-12-04 22:59:37 CET.

Flavor Version Tinstall Tcheck Ttotal Status Flags
r-devel-linux-x86_64-debian-clang 0.1.0 32.92 32.95 65.87 NOTE
r-devel-linux-x86_64-debian-gcc 0.1.0 21.68 26.01 47.69 NOTE
r-devel-linux-x86_64-fedora-clang 0.1.0 93.37 NOTE
r-devel-linux-x86_64-fedora-gcc 0.1.0 77.59 NOTE
r-devel-windows-x86_64-new-UL 0.1.0 44.00 91.00 135.00 NOTE
r-devel-windows-x86_64-new-TK 0.1.0 NOTE
r-devel-windows-x86_64-old 0.1.0 43.00 43.00 86.00 NOTE
r-patched-linux-x86_64 0.1.0 30.65 23.93 54.58 NOTE
r-release-linux-x86_64 0.1.0 28.61 23.93 52.54 NOTE
r-release-macos-arm64 0.1.0 NOTE
r-release-macos-x86_64 0.1.0 NOTE
r-release-windows-ix86+x86_64 0.1.0 81.00 66.00 147.00 NOTE
r-oldrel-macos-x86_64 0.1.0 OK
r-oldrel-windows-ix86+x86_64 0.1.0 80.00 64.00 144.00 OK

Check Details

Version: 0.1.0
Check: LazyData
Result: NOTE
     'LazyData' is specified without a 'data' directory
Flavors: r-devel-linux-x86_64-debian-clang, r-devel-linux-x86_64-debian-gcc, r-devel-linux-x86_64-fedora-clang, r-devel-linux-x86_64-fedora-gcc, r-devel-windows-x86_64-new-UL, r-devel-windows-x86_64-new-TK, r-devel-windows-x86_64-old, r-patched-linux-x86_64, r-release-linux-x86_64, r-release-macos-arm64, r-release-macos-x86_64, r-release-windows-ix86+x86_64