Last updated on 2023-06-05 14:56:48 CEST.
Flavor | Version | Tinstall | Tcheck | Ttotal | Status | Flags |
---|---|---|---|---|---|---|
r-devel-linux-x86_64-debian-clang | 1.0.6 | 1.98 | 32.08 | 34.06 | OK | |
r-devel-linux-x86_64-debian-gcc | 1.0.6 | 1.61 | 25.66 | 27.27 | OK | |
r-devel-linux-x86_64-fedora-clang | 1.0.6 | 42.58 | NOTE | |||
r-devel-linux-x86_64-fedora-gcc | 1.0.6 | 54.42 | NOTE | |||
r-devel-windows-x86_64 | 1.0.6 | 3.00 | 54.00 | 57.00 | OK | |
r-patched-linux-x86_64 | 1.0.6 | 1.75 | 31.34 | 33.09 | OK | |
r-release-linux-x86_64 | 1.0.6 | 1.65 | 31.12 | 32.77 | OK | |
r-release-macos-arm64 | 1.0.6 | 69.00 | OK | |||
r-release-macos-x86_64 | 1.0.6 | 58.00 | OK | |||
r-release-windows-x86_64 | 1.0.6 | 4.00 | 53.00 | 57.00 | OK | |
r-oldrel-macos-arm64 | 1.0.6 | 62.00 | OK | |||
r-oldrel-macos-x86_64 | 1.0.6 | 62.00 | NOTE | |||
r-oldrel-windows-x86_64 | 1.0.6 | 4.00 | 55.00 | 59.00 | OK |
Version: 1.0.6
Check: dependencies in R code
Result: NOTE
Namespaces in Imports field not imported from:
‘curl’ ‘modules’
All declared Imports should be used.
Flavors: r-devel-linux-x86_64-fedora-clang, r-devel-linux-x86_64-fedora-gcc, r-oldrel-macos-x86_64