Last updated on 2022-08-08 22:55:48 CEST.
Flavor | Version | Tinstall | Tcheck | Ttotal | Status | Flags |
---|---|---|---|---|---|---|
r-devel-linux-x86_64-debian-clang | 1.1.3 | 4.19 | 133.71 | 137.90 | OK | |
r-devel-linux-x86_64-debian-gcc | 1.1.3 | 3.02 | 171.67 | 174.69 | OK | |
r-devel-linux-x86_64-fedora-clang | 1.1.3 | 278.04 | NOTE | |||
r-devel-linux-x86_64-fedora-gcc | 1.1.3 | 276.05 | NOTE | |||
r-devel-windows-x86_64 | 1.1.3 | 17.00 | 342.00 | 359.00 | OK | |
r-patched-linux-x86_64 | 1.1.3 | 4.34 | 208.92 | 213.26 | OK | |
r-release-linux-x86_64 | 1.1.3 | OK | ||||
r-release-macos-arm64 | 1.1.3 | 74.00 | NOTE | |||
r-release-macos-x86_64 | 1.1.3 | 115.00 | NOTE | |||
r-release-windows-x86_64 | 1.1.3 | 15.00 | 351.00 | 366.00 | OK | |
r-oldrel-macos-arm64 | 1.1.3 | 91.00 | NOTE | |||
r-oldrel-macos-x86_64 | 1.1.3 | 91.00 | NOTE | |||
r-oldrel-windows-ix86+x86_64 | 1.1.3 | 10.00 | 190.00 | 200.00 | OK |
Version: 1.1.3
Check: dependencies in R code
Result: NOTE
Namespaces in Imports field not imported from:
‘curl’ ‘readxl’
All declared Imports should be used.
Flavors: r-devel-linux-x86_64-fedora-clang, r-devel-linux-x86_64-fedora-gcc, r-release-macos-arm64, r-release-macos-x86_64, r-oldrel-macos-arm64, r-oldrel-macos-x86_64