CRAN Package Check Results for Package IntegratedMRF

Last updated on 2020-06-01 06:48:27 CEST.

Flavor Version Tinstall Tcheck Ttotal Status Flags
r-devel-linux-x86_64-debian-clang 1.1.9 25.35 45.64 70.99 NOTE
r-devel-linux-x86_64-debian-gcc 1.1.9 16.06 35.40 51.46 NOTE
r-devel-linux-x86_64-fedora-clang 1.1.9 99.17 NOTE
r-devel-linux-x86_64-fedora-gcc 1.1.9 83.81 NOTE
r-devel-windows-ix86+x86_64 1.1.9 58.00 134.00 192.00 OK
r-patched-linux-x86_64 1.1.9 18.13 45.51 63.64 NOTE
r-patched-solaris-x86 1.1.9 107.30 NOTE
r-release-linux-x86_64 1.1.9 19.43 45.25 64.68 NOTE
r-release-osx-x86_64 1.1.9 OK
r-release-windows-ix86+x86_64 1.1.9 46.00 153.00 199.00 OK
r-oldrel-osx-x86_64 1.1.9 OK
r-oldrel-windows-ix86+x86_64 1.1.9 43.00 104.00 147.00 OK

Check Details

Version: 1.1.9
Check: for non-standard things in the check directory
Result: NOTE
    Found the following files/directories:
     'Error_Estimation_Response_1.tiff' 'Error_Estimation_Response_2.tiff'
     'Error_Estimation_Response_3.tiff'
Flavors: r-devel-linux-x86_64-debian-clang, r-devel-linux-x86_64-debian-gcc, r-devel-linux-x86_64-fedora-clang, r-devel-linux-x86_64-fedora-gcc, r-patched-linux-x86_64, r-patched-solaris-x86, r-release-linux-x86_64