CRAN Package Check Results for Package IntegratedMRF

Last updated on 2019-09-21 17:46:52 CEST.

Flavor Version Tinstall Tcheck Ttotal Status Flags
r-devel-linux-x86_64-debian-clang 1.1.9 18.34 41.37 59.71 NOTE
r-devel-linux-x86_64-debian-gcc 1.1.9 15.09 33.04 48.13 NOTE
r-devel-linux-x86_64-fedora-clang 1.1.9 82.46 NOTE
r-devel-linux-x86_64-fedora-gcc 1.1.9 78.37 NOTE
r-devel-windows-ix86+x86_64 1.1.9 61.00 141.00 202.00 OK
r-patched-linux-x86_64 1.1.9 15.61 40.66 56.27 OK
r-patched-solaris-x86 1.1.9 103.40 OK
r-release-linux-x86_64 1.1.9 14.06 41.10 55.16 OK
r-release-windows-ix86+x86_64 1.1.9 35.00 98.00 133.00 OK
r-release-osx-x86_64 1.1.9 OK
r-oldrel-windows-ix86+x86_64 1.1.9 31.00 94.00 125.00 OK
r-oldrel-osx-x86_64 1.1.9 OK

Check Details

Version: 1.1.9
Check: for non-standard things in the check directory
Result: NOTE
    Found the following files/directories:
     'Error_Estimation_Response_1.tiff' 'Error_Estimation_Response_2.tiff'
     'Error_Estimation_Response_3.tiff'
Flavors: r-devel-linux-x86_64-debian-clang, r-devel-linux-x86_64-debian-gcc, r-devel-linux-x86_64-fedora-clang, r-devel-linux-x86_64-fedora-gcc