CRAN Package Check Results for Package InformationValue

Last updated on 2020-06-01 06:48:27 CEST.

Flavor Version Tinstall Tcheck Ttotal Status Flags
r-devel-linux-x86_64-debian-clang 1.2.3 4.55 46.42 50.97 NOTE
r-devel-linux-x86_64-debian-gcc 1.2.3 3.54 35.71 39.25 NOTE
r-devel-linux-x86_64-fedora-clang 1.2.3 70.72 NOTE
r-devel-linux-x86_64-fedora-gcc 1.2.3 65.41 NOTE
r-devel-windows-ix86+x86_64 1.2.3 20.00 83.00 103.00 NOTE
r-patched-linux-x86_64 1.2.3 4.85 48.16 53.01 NOTE
r-patched-solaris-x86 1.2.3 95.00 NOTE
r-release-linux-x86_64 1.2.3 5.21 45.56 50.77 NOTE
r-release-osx-x86_64 1.2.3 NOTE
r-release-windows-ix86+x86_64 1.2.3 15.00 82.00 97.00 NOTE
r-oldrel-osx-x86_64 1.2.3 NOTE
r-oldrel-windows-ix86+x86_64 1.2.3 11.00 64.00 75.00 NOTE

Check Details

Version: 1.2.3
Check: DESCRIPTION meta-information
Result: NOTE
    BugReports field should be the URL of a single webpage
Flavors: r-devel-linux-x86_64-debian-clang, r-devel-linux-x86_64-debian-gcc, r-devel-linux-x86_64-fedora-clang, r-devel-linux-x86_64-fedora-gcc, r-devel-windows-ix86+x86_64, r-patched-linux-x86_64, r-patched-solaris-x86, r-release-linux-x86_64, r-release-osx-x86_64, r-release-windows-ix86+x86_64, r-oldrel-osx-x86_64, r-oldrel-windows-ix86+x86_64