CRAN Package Check Results for Package Inflation

Last updated on 2018-12-11 05:49:25 CET.

Flavor Version Tinstall Tcheck Ttotal Status Flags
r-devel-linux-x86_64-debian-clang 0.1.0 1.29 25.89 27.18 OK
r-devel-linux-x86_64-debian-gcc 0.1.0 1.12 20.75 21.87 OK
r-devel-linux-x86_64-fedora-clang 0.1.0 31.96 NOTE
r-devel-linux-x86_64-fedora-gcc 0.1.0 31.11 NOTE
r-devel-windows-ix86+x86_64 0.1.0 4.00 37.00 41.00 OK
r-patched-linux-x86_64 0.1.0 1.29 22.47 23.76 NOTE
r-patched-solaris-x86 0.1.0 43.40 ERROR
r-release-linux-x86_64 0.1.0 1.24 22.49 23.73 NOTE
r-release-windows-ix86+x86_64 0.1.0 4.00 36.00 40.00 OK
r-release-osx-x86_64 0.1.0 ERROR
r-oldrel-windows-ix86+x86_64 0.1.0 2.00 40.00 42.00 OK
r-oldrel-osx-x86_64 0.1.0 ERROR

Check Details

Version: 0.1.0
Check: data for non-ASCII characters
Result: NOTE
     Note: found 151 marked UTF-8 strings
Flavors: r-devel-linux-x86_64-fedora-clang, r-devel-linux-x86_64-fedora-gcc, r-patched-solaris-x86, r-release-osx-x86_64, r-oldrel-osx-x86_64

Version: 0.1.0
Check: DESCRIPTION meta-information
Result: NOTE
    Dependence on R version ‘3.3.1’ not with patchlevel 0
Flavors: r-patched-linux-x86_64, r-release-linux-x86_64

Version: 0.1.0
Check: examples
Result: ERROR
    Running examples in ‘Inflation-Ex.R’ failed
    The error most likely occurred in:
    
    > ### Name: INFL.core_tf
    > ### Title: Computes the triple filter core inflation
    > ### Aliases: INFL.core_tf
    > ### Keywords: core filter triple
    >
    > ### ** Examples
    >
    > ipca <- ipca_sub
    > INFL.core_tf(subits.var=ipca$ipca_ts, weights = ipca$weights_ts)
    Unsupported platform: SunOS 5.10
    For this platform, the path to the binary executable of X-13
    has to be manually specified. See ?seasonal for details.
    No path to the binary executable of X-13 specified.
    
    You can set 'X13_PATH' manually if you intend to use your own
    binaries. See ?seasonal for details.
    
    Error in checkX13(fail = TRUE, fullcheck = FALSE, htmlcheck = FALSE) :
     Process terminated
    Calls: INFL.core_tf -> <Anonymous> -> checkX13
    Execution halted
Flavor: r-patched-solaris-x86

Version: 0.1.0
Check: examples
Result: ERROR
    Running examples in ‘Inflation-Ex.R’ failed
    The error most likely occurred in:
    
    > ### Name: INFL.core_tf
    > ### Title: Computes the triple filter core inflation
    > ### Aliases: INFL.core_tf
    > ### Keywords: core filter triple
    >
    > ### ** Examples
    >
    > ipca <- ipca_sub
    > INFL.core_tf(subits.var=ipca$ipca_ts, weights = ipca$weights_ts)
    sh: line 1: 29920 Trace/BPT trap: 5 /Volumes/SSD-Data/Builds/R-dev-web/QA/Simon/packages/el-capitan-x86_64/Rlib/3.5/x13binary/bin/x13ashtml /var/folders/xn/m8dzdsgs7sg8q7jgflnqm8w80000gn/T//RtmprnnChM/x136d8f148a3659/iofile -n -s 2> /dev/null
    Warning in system(paste(x13.bin, file, flags), intern = TRUE, ignore.stderr = TRUE) :
     running command '/Volumes/SSD-Data/Builds/R-dev-web/QA/Simon/packages/el-capitan-x86_64/Rlib/3.5/x13binary/bin/x13ashtml /var/folders/xn/m8dzdsgs7sg8q7jgflnqm8w80000gn/T//RtmprnnChM/x136d8f148a3659/iofile -n -s 2>/dev/null' had status 133
    dyld: lazy symbol binding failed: Symbol not found: _mkostemp
     Referenced from: /Volumes/SSD-Data/Builds/R-dev-web/QA/Simon/packages/el-capitan-x86_64/Rlib/3.5/x13binary/bin/../lib/libgfortran.3.dylib (which was built for Mac OS X 10.12)
     Expected in: /usr/lib/libSystem.B.dylib
    
    dyld: Symbol not found: _mkostemp
     Referenced from: /Volumes/SSD-Data/Builds/R-dev-web/QA/Simon/packages/el-capitan-x86_64/Rlib/3.5/x13binary/bin/../lib/libgfortran.3.dylib (which was built for Mac OS X 10.12)
     Expected in: /usr/lib/libSystem.B.dylib
    
    
    Program received signal SIGTRAP: Trace/breakpoint trap.
    
    Backtrace for this error:
    #0 0x123592579
    #1 0x123591945
    #2 0x7fff93ac4529
    Error: X-13 has returned a non-zero exist status, which means that the current spec file cannot be processed for an unknown reason.
    Execution halted
Flavor: r-release-osx-x86_64

Version: 0.1.0
Check: examples
Result: ERROR
    Running examples in ‘Inflation-Ex.R’ failed
    The error most likely occurred in:
    
    > ### Name: INFL.core_tf
    > ### Title: Computes the triple filter core inflation
    > ### Aliases: INFL.core_tf
    > ### Keywords: core filter triple
    >
    > ### ** Examples
    >
    > ipca <- ipca_sub
    > INFL.core_tf(subits.var=ipca$ipca_ts, weights = ipca$weights_ts)
    sh: line 1: 7950 Trace/BPT trap: 5 /Volumes/SSD-Data/Builds/R-dev-web/QA/Simon/packages/el-capitan-x86_64/Rlib/3.4/x13binary/bin/x13ashtml /tmp/RtmpWPkHxf/x131f0b4acb1a52/iofile -n -s 2> /dev/null
    Warning: running command '/Volumes/SSD-Data/Builds/R-dev-web/QA/Simon/packages/el-capitan-x86_64/Rlib/3.4/x13binary/bin/x13ashtml /tmp/RtmpWPkHxf/x131f0b4acb1a52/iofile -n -s 2>/dev/null' had status 133
    dyld: lazy symbol binding failed: Symbol not found: _mkostemp
     Referenced from: /Volumes/SSD-Data/Builds/R-dev-web/QA/Simon/packages/el-capitan-x86_64/Rlib/3.4/x13binary/bin/../lib/libgfortran.3.dylib (which was built for Mac OS X 10.12)
     Expected in: /usr/lib/libSystem.B.dylib
    
    dyld: Symbol not found: _mkostemp
     Referenced from: /Volumes/SSD-Data/Builds/R-dev-web/QA/Simon/packages/el-capitan-x86_64/Rlib/3.4/x13binary/bin/../lib/libgfortran.3.dylib (which was built for Mac OS X 10.12)
     Expected in: /usr/lib/libSystem.B.dylib
    
    
    Program received signal SIGTRAP: Trace/breakpoint trap.
    
    Backtrace for this error:
    #0 0x12b537579
    #1 0x12b536945
    #2 0x7fff9b04a529
    Error: X-13 has returned a non-zero exist status, which means that the current spec file cannot be processed for an unknown reason.
    Execution halted
Flavor: r-oldrel-osx-x86_64