CRAN Package Check Results for Package IgorR

Last updated on 2019-04-22 18:47:09 CEST.

Flavor Version Tinstall Tcheck Ttotal Status Flags
r-devel-linux-x86_64-debian-clang 0.8.1 2.33 23.09 25.42 NOTE
r-devel-linux-x86_64-debian-gcc 0.8.1 2.00 18.70 20.70 NOTE
r-devel-linux-x86_64-fedora-clang 0.8.1 30.56 NOTE
r-devel-linux-x86_64-fedora-gcc 0.8.1 30.80 OK
r-devel-windows-ix86+x86_64 0.8.1 7.00 46.00 53.00 OK
r-patched-linux-x86_64 0.8.1 2.46 23.21 25.67 NOTE
r-patched-solaris-x86 0.8.1 47.00 OK
r-release-linux-x86_64 0.8.1 1.39 21.91 23.30 NOTE
r-release-windows-ix86+x86_64 0.8.1 3.00 51.00 54.00 OK
r-release-osx-x86_64 0.8.1 OK
r-oldrel-windows-ix86+x86_64 0.8.1 3.00 50.00 53.00 OK
r-oldrel-osx-x86_64 0.8.1 OK

Check Details

Version: 0.8.1
Check: R code for possible problems
Result: NOTE
    Found the following assignments to the global environment:
    File 'IgorR/R/ReadIgorBinary.R':
     assign(WaveName, rval, envir = .GlobalEnv)
Flavors: r-devel-linux-x86_64-debian-clang, r-devel-linux-x86_64-debian-gcc, r-devel-linux-x86_64-fedora-clang, r-patched-linux-x86_64, r-release-linux-x86_64