CRAN Package Check Results for Package ISOweek

Last updated on 2024-06-14 09:56:35 CEST.

Flavor Version Tinstall Tcheck Ttotal Status Flags
r-devel-linux-x86_64-debian-clang 0.6-2 3.56 30.74 34.30 OK
r-devel-linux-x86_64-debian-gcc 0.6-2 2.47 24.01 26.48 OK
r-devel-linux-x86_64-fedora-clang 0.6-2 43.63 NOTE
r-devel-linux-x86_64-fedora-gcc 0.6-2 40.69 OK
r-devel-windows-x86_64 0.6-2 4.00 46.00 50.00 OK
r-patched-linux-x86_64 0.6-2 3.60 29.41 33.01 OK
r-release-linux-x86_64 0.6-2 3.16 29.61 32.77 OK
r-release-macos-arm64 0.6-2 19.00 OK
r-release-macos-x86_64 0.6-2 25.00 OK
r-release-windows-x86_64 0.6-2 4.00 47.00 51.00 OK
r-oldrel-macos-arm64 0.6-2 18.00 OK
r-oldrel-macos-x86_64 0.6-2 24.00 OK
r-oldrel-windows-x86_64 0.6-2 4.00 48.00 52.00 OK

Check Details

Version: 0.6-2
Check: Rd cross-references
Result: NOTE Undeclared package ‘surveillance’ in Rd xrefs Flavor: r-devel-linux-x86_64-fedora-clang