CRAN Package Check Results for Package IRCcheck

Last updated on 2022-06-26 09:53:51 CEST.

Flavor Version Tinstall Tcheck Ttotal Status Flags
r-devel-linux-x86_64-debian-clang 1.0.0 7.31 61.02 68.33 NOTE
r-devel-linux-x86_64-debian-gcc 1.0.0 5.28 44.68 49.96 NOTE
r-devel-linux-x86_64-fedora-clang 1.0.0 91.10 NOTE
r-devel-linux-x86_64-fedora-gcc 1.0.0 89.96 NOTE
r-devel-windows-x86_64 1.0.0 24.00 84.00 108.00 NOTE
r-patched-linux-x86_64 1.0.0 7.03 55.88 62.91 OK
r-release-linux-x86_64 1.0.0 5.44 56.47 61.91 OK
r-release-macos-arm64 1.0.0 26.00 NOTE
r-release-macos-x86_64 1.0.0 50.00 NOTE
r-release-windows-x86_64 1.0.0 16.00 83.00 99.00 OK
r-oldrel-macos-arm64 1.0.0 29.00 NOTE
r-oldrel-macos-x86_64 1.0.0 41.00 NOTE
r-oldrel-windows-ix86+x86_64 1.0.0 19.00 81.00 100.00 OK

Check Details

Version: 1.0.0
Check: Rd files
Result: NOTE
    checkRd: (-1) constrained.Rd:49: Escaped LaTeX specials: \&
Flavors: r-devel-linux-x86_64-debian-clang, r-devel-linux-x86_64-debian-gcc, r-devel-linux-x86_64-fedora-clang, r-devel-linux-x86_64-fedora-gcc, r-devel-windows-x86_64

Version: 1.0.0
Check: dependencies in R code
Result: NOTE
    Namespaces in Imports field not imported from:
     ‘Rdpack’ ‘glmnet’
     All declared Imports should be used.
Flavors: r-devel-linux-x86_64-fedora-clang, r-devel-linux-x86_64-fedora-gcc, r-release-macos-arm64, r-release-macos-x86_64, r-oldrel-macos-arm64, r-oldrel-macos-x86_64