CRAN Package Check Results for Package INQC

Last updated on 2021-08-05 12:57:11 CEST.

Flavor Version Tinstall Tcheck Ttotal Status Flags
r-devel-linux-x86_64-debian-clang 2.0.5 6.69 57.02 63.71 OK
r-devel-linux-x86_64-debian-gcc 2.0.5 4.57 41.95 46.52 OK
r-devel-linux-x86_64-fedora-clang 2.0.5 82.09 OK
r-devel-linux-x86_64-fedora-gcc 2.0.5 71.13 OK
r-devel-windows-x86_64 2.0.5 8.00 80.00 88.00 OK
r-devel-windows-x86_64-gcc10-UCRT 2.0.5 ERROR
r-patched-linux-x86_64 2.0.5 6.32 54.89 61.21 OK
r-patched-solaris-x86 2.0.5 90.20 OK
r-release-linux-x86_64 2.0.5 4.51 54.34 58.85 OK
r-release-macos-arm64 2.0.5 OK
r-release-macos-x86_64 2.0.5 OK
r-release-windows-ix86+x86_64 2.0.5 11.00 75.00 86.00 OK
r-oldrel-macos-x86_64 2.0.5 OK
r-oldrel-windows-ix86+x86_64 2.0.5 8.00 81.00 89.00 OK

Check Details

Version: 2.0.5
Check: package dependencies
Result: NOTE
    Package suggested but not available for checking: 'readr'
Flavor: r-devel-windows-x86_64-gcc10-UCRT

Version: 2.0.5
Check: examples
Result: ERROR
    Running examples in 'INQC-Ex.R' failed
    The error most likely occurred in:
    
    > ### Name: climdex2ecad
    > ### Title: Converter from the ClimDex format into the ECA&D format (blended
    > ### version)
    > ### Aliases: climdex2ecad
    >
    > ### ** Examples
    >
    > #Set a temporal working directory:
    > wd <- tempdir(); wd0 <- setwd(wd)
    > #Create subdirectory where raw data files in the ClimDex format have to be located
    > dir.create(file.path(wd, "raw_ClimDex"))
    > #Extract the ClimDex data and station files from the example data folder
    > path2stalist<-system.file("extdata", "stations.csv", package = "INQC")
    > stalist<-readr::read_lines_raw(path2stalist)
    Error in loadNamespace(x) : there is no package called 'readr'
    Calls: loadNamespace -> withRestarts -> withOneRestart -> doWithOneRestart
    Execution halted
Flavor: r-devel-windows-x86_64-gcc10-UCRT