CRAN Package Check Results for Package INLAspacetime

Last updated on 2023-12-10 19:49:14 CET.

Flavor Version Tinstall Tcheck Ttotal Status Flags
r-devel-linux-x86_64-debian-clang 0.1.7 17.34 125.83 143.17 NOTE
r-devel-linux-x86_64-debian-gcc 0.1.7 13.50 94.04 107.54 NOTE
r-devel-linux-x86_64-fedora-clang 0.1.7 172.84 NOTE
r-devel-linux-x86_64-fedora-gcc 0.1.7 183.01 NOTE
r-devel-windows-x86_64 0.1.7 17.00 107.00 124.00 NOTE
r-patched-linux-x86_64 0.1.7 18.65 119.96 138.61 NOTE
r-release-linux-x86_64 0.1.7 16.59 120.63 137.22 NOTE
r-release-macos-arm64 0.1.7 60.00 NOTE
r-release-macos-x86_64 0.1.7 136.00 NOTE
r-release-windows-x86_64 0.1.7 20.00 125.00 145.00 NOTE
r-oldrel-macos-arm64 0.1.7 54.00 NOTE
r-oldrel-macos-x86_64 0.1.7 75.00 NOTE
r-oldrel-windows-x86_64 0.1.7 21.00 127.00 148.00 NOTE

Check Details

Version: 0.1.7
Check: package dependencies
Result: NOTE Package suggested but not available for checking: ‘INLA’ Flavors: r-devel-linux-x86_64-debian-clang, r-devel-linux-x86_64-debian-gcc, r-devel-windows-x86_64, r-patched-linux-x86_64, r-release-linux-x86_64, r-release-macos-arm64, r-release-macos-x86_64, r-release-windows-x86_64, r-oldrel-macos-arm64, r-oldrel-macos-x86_64, r-oldrel-windows-x86_64

Version: 0.1.7
Check: Rd files
Result: NOTE checkRd: (-1) ar2precision.Rd:19: Lost braces; missing escapes or markup? 19 | considering the specification stated in {details}. | ^ Flavors: r-devel-linux-x86_64-debian-clang, r-devel-linux-x86_64-debian-gcc

Version: 0.1.7
Check: compiled code
Result: NOTE File ‘INLAspacetime/libs/INLAspacetime.so’: Found no calls to: ‘R_registerRoutines’, ‘R_useDynamicSymbols’ It is good practice to register native routines and to disable symbol search. See ‘Writing portable packages’ in the ‘Writing R Extensions’ manual. Flavors: r-devel-linux-x86_64-fedora-clang, r-devel-linux-x86_64-fedora-gcc