CRAN Package Check Results for Package INLAjoint

Last updated on 2024-04-21 07:59:13 CEST.

Flavor Version Tinstall Tcheck Ttotal Status Flags
r-devel-linux-x86_64-debian-clang 24.3.25 27.35 143.57 170.92 NOTE
r-devel-linux-x86_64-debian-gcc 24.3.25 17.16 104.21 121.37 NOTE
r-devel-linux-x86_64-fedora-clang 24.3.25 224.21 NOTE
r-devel-linux-x86_64-fedora-gcc 24.3.25 217.21 NOTE
r-prerel-macos-arm64 24.3.25 63.00 NOTE
r-prerel-macos-x86_64 24.3.25 141.00 NOTE
r-prerel-windows-x86_64 24.3.25 18.00 108.00 126.00 OK
r-patched-linux-x86_64 24.3.25 15.21 134.95 150.16 NOTE
r-release-linux-x86_64 24.3.25 14.82 139.72 154.54 NOTE
r-release-macos-arm64 24.3.25 61.00 NOTE
r-release-macos-x86_64 24.3.25 145.00 NOTE
r-release-windows-x86_64 24.3.25 25.00 132.00 157.00 NOTE
r-oldrel-macos-arm64 24.3.25 52.00 NOTE
r-oldrel-windows-x86_64 24.3.25 26.00 131.00 157.00 NOTE

Check Details

Version: 24.3.25
Check: package dependencies
Result: NOTE Packages suggested but not available for checking: 'INLA', 'frailtypack' Flavors: r-devel-linux-x86_64-debian-clang, r-devel-linux-x86_64-debian-gcc, r-prerel-macos-x86_64, r-patched-linux-x86_64, r-release-linux-x86_64

Version: 24.3.25
Check: package dependencies
Result: NOTE Package suggested but not available for checking: ‘frailtypack’ Flavors: r-devel-linux-x86_64-fedora-clang, r-devel-linux-x86_64-fedora-gcc

Version: 24.3.25
Check: package dependencies
Result: NOTE Package suggested but not available for checking: ‘INLA’ Flavors: r-prerel-macos-arm64, r-release-macos-arm64, r-release-macos-x86_64, r-release-windows-x86_64, r-oldrel-macos-arm64, r-oldrel-windows-x86_64