CRAN Package Check Results for Package INLABMA

Last updated on 2023-03-23 20:50:33 CET.

Flavor Version Tinstall Tcheck Ttotal Status Flags
r-devel-linux-x86_64-debian-clang 0.1-11 6.27 75.21 81.48 NOTE
r-devel-linux-x86_64-debian-gcc 0.1-11 4.66 56.61 61.27 NOTE
r-devel-linux-x86_64-fedora-clang 0.1-11 103.28 OK
r-devel-linux-x86_64-fedora-gcc 0.1-11 108.21 OK
r-devel-windows-x86_64 0.1-11 18.00 101.00 119.00 NOTE
r-patched-linux-x86_64 0.1-11 7.17 73.44 80.61 NOTE
r-release-linux-x86_64 0.1-11 6.61 73.84 80.45 NOTE
r-release-macos-arm64 0.1-11 88.00 NOTE
r-release-macos-x86_64 0.1-11 114.00 NOTE
r-release-windows-x86_64 0.1-11 19.00 121.00 140.00 NOTE
r-oldrel-macos-arm64 0.1-11 63.00 NOTE
r-oldrel-macos-x86_64 0.1-11 85.00 NOTE
r-oldrel-windows-ix86+x86_64 0.1-11 18.00 97.00 115.00 OK

Check Details

Version: 0.1-11
Check: package dependencies
Result: NOTE
    Package suggested but not available for checking: ‘INLA’
Flavors: r-devel-linux-x86_64-debian-clang, r-devel-linux-x86_64-debian-gcc, r-devel-windows-x86_64, r-patched-linux-x86_64, r-release-linux-x86_64, r-release-macos-arm64, r-release-macos-x86_64, r-release-windows-x86_64, r-oldrel-macos-arm64, r-oldrel-macos-x86_64