CRAN Package Check Results for Package IMWatson

Last updated on 2019-11-18 23:51:24 CET.

Flavor Version Tinstall Tcheck Ttotal Status Flags
r-devel-linux-x86_64-debian-clang 0.5.0 2.89 18.50 21.39 OK
r-devel-linux-x86_64-debian-gcc 0.5.0 2.46 15.01 17.47 OK
r-devel-linux-x86_64-fedora-clang 0.5.0 26.13 NOTE
r-devel-linux-x86_64-fedora-gcc 0.5.0 26.65 NOTE
r-devel-windows-ix86+x86_64 0.5.0 11.00 31.00 42.00 OK
r-patched-linux-x86_64 0.5.0 2.37 17.63 20.00 OK
r-patched-solaris-x86 0.5.0 40.40 NOTE
r-release-linux-x86_64 0.5.0 2.45 17.55 20.00 OK
r-release-windows-ix86+x86_64 0.5.0 5.00 50.00 55.00 OK
r-release-osx-x86_64 0.5.0 NOTE
r-oldrel-windows-ix86+x86_64 0.5.0 3.00 29.00 32.00 OK
r-oldrel-osx-x86_64 0.5.0 NOTE

Check Details

Version: 0.5.0
Check: dependencies in R code
Result: NOTE
    Namespaces in Imports field not imported from:
     ‘R6’ ‘V8’ ‘assertive’ ‘shinydashboard’
     All declared Imports should be used.
Flavors: r-devel-linux-x86_64-fedora-clang, r-devel-linux-x86_64-fedora-gcc, r-patched-solaris-x86, r-release-osx-x86_64, r-oldrel-osx-x86_64