CRAN Package Check Results for Package IMWatson

Last updated on 2020-06-04 15:49:12 CEST.

Flavor Version Tinstall Tcheck Ttotal Status Flags
r-devel-linux-x86_64-debian-clang 0.5.0 3.35 19.51 22.86 OK
r-devel-linux-x86_64-debian-gcc 0.5.0 2.37 15.53 17.90 OK
r-devel-linux-x86_64-fedora-clang 0.5.0 37.64 NOTE
r-devel-linux-x86_64-fedora-gcc 0.5.0 26.95 NOTE
r-devel-windows-ix86+x86_64 0.5.0 11.00 33.00 44.00 OK
r-patched-linux-x86_64 0.5.0 3.00 19.91 22.91 OK
r-patched-solaris-x86 0.5.0 42.70 NOTE
r-release-linux-x86_64 0.5.0 3.02 19.74 22.76 OK
r-release-osx-x86_64 0.5.0 NOTE
r-release-windows-ix86+x86_64 0.5.0 7.00 32.00 39.00 OK
r-oldrel-osx-x86_64 0.5.0 NOTE
r-oldrel-windows-ix86+x86_64 0.5.0 8.00 48.00 56.00 OK

Check Details

Version: 0.5.0
Check: dependencies in R code
Result: NOTE
    Namespaces in Imports field not imported from:
     ‘R6’ ‘V8’ ‘assertive’ ‘shinydashboard’
     All declared Imports should be used.
Flavors: r-devel-linux-x86_64-fedora-clang, r-devel-linux-x86_64-fedora-gcc, r-patched-solaris-x86, r-release-osx-x86_64, r-oldrel-osx-x86_64