CRAN Package Check Results for Package IFP

Last updated on 2023-10-01 14:55:38 CEST.

Flavor Version Tinstall Tcheck Ttotal Status Flags
r-devel-linux-x86_64-debian-clang 0.2.4 32.38 177.44 209.82 OK
r-devel-linux-x86_64-debian-gcc 0.2.4 25.52 128.16 153.68 OK
r-devel-linux-x86_64-fedora-clang 0.2.4 276.10 NOTE
r-devel-linux-x86_64-fedora-gcc 0.2.4 271.86 NOTE
r-devel-windows-x86_64 0.2.4 30.00 147.00 177.00 OK
r-patched-linux-x86_64 0.2.4 26.36 168.30 194.66 OK
r-release-linux-x86_64 0.2.4 22.52 169.69 192.21 OK
r-release-macos-arm64 0.2.4 71.00 OK
r-release-macos-x86_64 0.2.4 115.00 OK
r-release-windows-x86_64 0.2.4 39.00 182.00 221.00 OK
r-oldrel-macos-arm64 0.2.4 64.00 OK
r-oldrel-macos-x86_64 0.2.4 111.00 OK
r-oldrel-windows-x86_64 0.2.4 40.00 179.00 219.00 OK

Check Details

Version: 0.2.4
Check: compiled code
Result: NOTE
    File ‘IFP/libs/IFP.so’:
     Found no calls to: ‘R_registerRoutines’, ‘R_useDynamicSymbols’
    
    It is good practice to register native routines and to disable symbol
    search.
    
    See ‘Writing portable packages’ in the ‘Writing R Extensions’ manual.
Flavors: r-devel-linux-x86_64-fedora-clang, r-devel-linux-x86_64-fedora-gcc