Last updated on 2023-03-30 13:51:43 CEST.
Flavor | Version | Tinstall | Tcheck | Ttotal | Status | Flags |
---|---|---|---|---|---|---|
r-devel-linux-x86_64-debian-clang | 1.1.2 | 37.07 | 347.41 | 384.48 | OK | |
r-devel-linux-x86_64-debian-gcc | 1.1.2 | 31.03 | 263.55 | 294.58 | OK | |
r-devel-linux-x86_64-fedora-clang | 1.1.2 | 511.51 | OK | |||
r-devel-linux-x86_64-fedora-gcc | 1.1.2 | 522.94 | OK | |||
r-devel-windows-x86_64 | 1.1.2 | 40.00 | 438.00 | 478.00 | OK | |
r-patched-linux-x86_64 | 1.1.2 | 34.09 | 323.63 | 357.72 | OK | |
r-release-linux-x86_64 | 1.1.2 | 34.62 | 316.44 | 351.06 | OK | |
r-release-macos-arm64 | 1.1.2 | 143.00 | OK | |||
r-release-macos-x86_64 | 1.1.2 | 211.00 | OK | |||
r-release-windows-x86_64 | 1.1.2 | 34.00 | 446.00 | 480.00 | OK | |
r-oldrel-macos-arm64 | 1.1.0 | 184.00 | OK | |||
r-oldrel-macos-x86_64 | 1.1.0 | 197.00 | OK | |||
r-oldrel-windows-ix86+x86_64 | 1.1.0 | 39.00 | 18.00 | 57.00 | ERROR |
Version: 1.1.0
Check: whether package can be installed
Result: ERROR
Installation failed.
Flavor: r-oldrel-windows-ix86+x86_64