CRAN Package Check Results for Package IDetect

Last updated on 2023-06-06 20:09:46 CEST.

Flavor Version Tinstall Tcheck Ttotal Status Flags
r-devel-linux-x86_64-debian-clang 0.1.0 4.70 87.48 92.18 NOTE
r-devel-linux-x86_64-debian-gcc 0.1.0 3.49 61.53 65.02 NOTE
r-devel-linux-x86_64-fedora-clang 0.1.0 111.57 NOTE
r-devel-linux-x86_64-fedora-gcc 0.1.0 113.31 NOTE
r-devel-windows-x86_64 0.1.0 10.00 131.00 141.00 NOTE
r-patched-linux-x86_64 0.1.0 5.42 82.73 88.15 NOTE
r-release-linux-x86_64 0.1.0 4.38 83.90 88.28 NOTE
r-release-macos-arm64 0.1.0 38.00 NOTE
r-release-macos-x86_64 0.1.0 59.00 NOTE
r-release-windows-x86_64 0.1.0 5.00 103.00 108.00 NOTE
r-oldrel-macos-arm64 0.1.0 39.00 NOTE
r-oldrel-macos-x86_64 0.1.0 59.00 NOTE
r-oldrel-windows-x86_64 0.1.0 5.00 97.00 102.00 NOTE

Check Details

Version: 0.1.0
Check: LazyData
Result: NOTE
     'LazyData' is specified without a 'data' directory
Flavors: r-devel-linux-x86_64-debian-clang, r-devel-linux-x86_64-debian-gcc, r-devel-linux-x86_64-fedora-clang, r-devel-linux-x86_64-fedora-gcc, r-devel-windows-x86_64, r-patched-linux-x86_64, r-release-linux-x86_64, r-release-macos-arm64, r-release-macos-x86_64, r-release-windows-x86_64, r-oldrel-macos-arm64, r-oldrel-macos-x86_64, r-oldrel-windows-x86_64