CRAN Package Check Results for Package ICV

Last updated on 2022-12-09 01:50:31 CET.

Flavor Version Tinstall Tcheck Ttotal Status Flags
r-devel-linux-x86_64-debian-clang 1.0 2.99 23.89 26.88 NOTE
r-devel-linux-x86_64-debian-gcc 1.0 1.89 20.07 21.96 NOTE
r-devel-linux-x86_64-fedora-clang 1.0 45.23 NOTE
r-devel-linux-x86_64-fedora-gcc 1.0 43.15 NOTE
r-devel-windows-x86_64 1.0 11.00 50.00 61.00 NOTE
r-patched-linux-x86_64 1.0 2.70 22.74 25.44 NOTE
r-release-linux-x86_64 1.0 2.40 22.79 25.19 NOTE
r-release-macos-arm64 1.0 15.00 NOTE
r-release-macos-x86_64 1.0 21.00 NOTE
r-release-windows-x86_64 1.0 5.00 50.00 55.00 NOTE
r-oldrel-macos-arm64 1.0 18.00 NOTE
r-oldrel-macos-x86_64 1.0 29.00 NOTE
r-oldrel-windows-ix86+x86_64 1.0 5.00 34.00 39.00 NOTE

Check Details

Version: 1.0
Check: LazyData
Result: NOTE
     'LazyData' is specified without a 'data' directory
Flavors: r-devel-linux-x86_64-debian-clang, r-devel-linux-x86_64-debian-gcc, r-devel-linux-x86_64-fedora-clang, r-devel-linux-x86_64-fedora-gcc, r-devel-windows-x86_64, r-patched-linux-x86_64, r-release-linux-x86_64, r-release-macos-arm64, r-release-macos-x86_64, r-release-windows-x86_64, r-oldrel-macos-arm64, r-oldrel-macos-x86_64, r-oldrel-windows-ix86+x86_64