CRAN Package Check Results for Package IBrokers

Last updated on 2024-02-26 06:52:56 CET.

Flavor Version Tinstall Tcheck Ttotal Status Flags
r-devel-linux-x86_64-debian-clang 0.10-2 6.65 63.36 70.01 NOTE
r-devel-linux-x86_64-debian-gcc 0.10-2 6.03 49.45 55.48 NOTE
r-devel-linux-x86_64-fedora-clang 0.10-2 93.77 NOTE
r-devel-linux-x86_64-fedora-gcc 0.10-2 104.14 NOTE
r-devel-windows-x86_64 0.10-2 7.00 106.00 113.00 OK
r-patched-linux-x86_64 0.10-2 6.41 62.48 68.89 OK
r-release-linux-x86_64 0.10-2 7.62 64.00 71.62 OK
r-release-macos-arm64 0.10-2 39.00 OK
r-release-macos-x86_64 0.10-2 57.00 OK
r-release-windows-x86_64 0.10-2 8.00 102.00 110.00 OK
r-oldrel-macos-arm64 0.10-2 34.00 OK
r-oldrel-windows-x86_64 0.10-2 9.00 106.00 115.00 OK

Check Details

Version: 0.10-2
Check: Rd files
Result: NOTE checkRd: (-1) setServerLogLevel.Rd:20: Lost braces in \enumerate; meant \describe ? checkRd: (-1) setServerLogLevel.Rd:21: Lost braces in \enumerate; meant \describe ? checkRd: (-1) setServerLogLevel.Rd:22: Lost braces in \enumerate; meant \describe ? checkRd: (-1) setServerLogLevel.Rd:23: Lost braces in \enumerate; meant \describe ? checkRd: (-1) setServerLogLevel.Rd:24: Lost braces in \enumerate; meant \describe ? Flavors: r-devel-linux-x86_64-debian-clang, r-devel-linux-x86_64-debian-gcc, r-devel-linux-x86_64-fedora-clang, r-devel-linux-x86_64-fedora-gcc