CRAN Package Check Results for Package HiveR

Last updated on 2020-06-04 15:49:12 CEST.

Flavor Version Tinstall Tcheck Ttotal Status Flags
r-devel-linux-x86_64-debian-clang 0.3.56 13.73 199.73 213.46 OK
r-devel-linux-x86_64-debian-gcc 0.3.56 10.81 162.51 173.32 OK
r-devel-linux-x86_64-fedora-clang 0.3.56 277.14 OK
r-devel-linux-x86_64-fedora-gcc 0.3.56 269.11 OK
r-devel-windows-ix86+x86_64 0.3.56 30.00 203.00 233.00 OK
r-patched-linux-x86_64 0.3.56 13.90 208.10 222.00 OK
r-patched-solaris-x86 0.3.56 393.00 OK
r-release-linux-x86_64 0.3.56 13.74 203.29 217.03 OK
r-release-osx-x86_64 0.3.56 OK
r-release-windows-ix86+x86_64 0.3.56 19.00 213.00 232.00 OK
r-oldrel-osx-x86_64 0.3.56 WARN
r-oldrel-windows-ix86+x86_64 0.3.56 29.00 192.00 221.00 OK

Check Details

Version: 0.3.56
Check: whether package can be installed
Result: WARN
    Found the following significant warnings:
     Warning: 'rgl.init' failed, running with 'rgl.useNULL = TRUE'.
Flavor: r-oldrel-osx-x86_64

Version: 0.3.56
Check: dependencies in R code
Result: NOTE
    No protocol specified
    No protocol specified
Flavor: r-oldrel-osx-x86_64

Version: 0.3.56
Check: S3 generic/method consistency
Result: WARN
    No protocol specified
    No protocol specified
    See section ‘Generic functions and methods’ in the ‘Writing R
    Extensions’ manual.
Flavor: r-oldrel-osx-x86_64

Version: 0.3.56
Check: replacement functions
Result: WARN
    No protocol specified
    No protocol specified
    The argument of a replacement function which corresponds to the right
    hand side must be named ‘value’.
Flavor: r-oldrel-osx-x86_64

Version: 0.3.56
Check: foreign function calls
Result: NOTE
    No protocol specified
    No protocol specified
    See chapter ‘System and foreign language interfaces’ in the ‘Writing R
    Extensions’ manual.
Flavor: r-oldrel-osx-x86_64

Version: 0.3.56
Check: R code for possible problems
Result: NOTE
    No protocol specified
    No protocol specified
Flavor: r-oldrel-osx-x86_64

Version: 0.3.56
Check: for missing documentation entries
Result: WARN
    No protocol specified
    No protocol specified
    All user-level objects in a package should have documentation entries.
    See chapter ‘Writing R documentation files’ in the ‘Writing R
    Extensions’ manual.
Flavor: r-oldrel-osx-x86_64

Version: 0.3.56
Check: for code/documentation mismatches
Result: WARN
    No protocol specified
    No protocol specified
    No protocol specified
    No protocol specified
    No protocol specified
    No protocol specified
Flavor: r-oldrel-osx-x86_64

Version: 0.3.56
Check: Rd \usage sections
Result: NOTE
    No protocol specified
    No protocol specified
    The \usage entries for S3 methods should use the \method markup and not
    their full name.
    See chapter ‘Writing R documentation files’ in the ‘Writing R
    Extensions’ manual.
Flavor: r-oldrel-osx-x86_64