CRAN Package Check Results for Package HiveR

Last updated on 2019-05-21 19:47:08 CEST.

Flavor Version Tinstall Tcheck Ttotal Status Flags
r-devel-linux-x86_64-debian-clang 0.3.42 11.68 198.15 209.83 OK
r-devel-linux-x86_64-debian-gcc 0.3.42 8.91 161.00 169.91 OK
r-devel-linux-x86_64-fedora-clang 0.3.42 276.84 OK
r-devel-linux-x86_64-fedora-gcc 0.3.42 267.66 OK
r-devel-windows-ix86+x86_64 0.3.42 17.00 192.00 209.00 OK
r-patched-linux-x86_64 0.3.42 10.79 203.67 214.46 OK
r-patched-solaris-x86 0.3.42 405.00 OK
r-release-linux-x86_64 0.3.42 12.36 200.73 213.09 OK
r-release-windows-ix86+x86_64 0.3.42 26.00 281.00 307.00 OK
r-release-osx-x86_64 0.3.42 WARN
r-oldrel-windows-ix86+x86_64 0.3.42 14.00 200.00 214.00 OK
r-oldrel-osx-x86_64 0.3.42 OK

Check Details

Version: 0.3.42
Check: whether package can be installed
Result: WARN
    Found the following significant warnings:
     Warning: 'rgl_init' failed, running with rgl.useNULL = TRUE
Flavor: r-release-osx-x86_64